Laukaa, Finland
Kieli:  Suomi
CurCond
Päivitetty19/01/2022 19:36 
 

NOAA-Style Climate Reports

Select a Year or Month report
2022: Tam Hel Maa Huh Tou Kes Hei Elo Syy Lok Mar Jou
2021: Tam Hel Maa Huh Tou Kes Hei Elo Syy Lok Mar Jou
2020: Tam Hel Maa Huh Tou Kes Hei Elo Syy Lok Mar Jou
2019: Tam Hel Maa Huh Tou Kes Hei Elo Syy Lok Mar Jou
2018: Tam Hel Maa Huh Tou Kes Hei Elo Syy Lok Mar Jou
2017: Tam Hel Maa Huh Tou Kes Hei Elo Syy Lok Mar Jou
2016: Tam Hel Maa Huh Tou Kes Hei Elo Syy Lok Mar Jou
2015: Tam Hel Maa Huh Tou Kes Hei Elo Syy Lok Mar Jou
2014: Tam Hel Maa Huh Tou Kes Hei Elo Syy Lok Mar Jou
2013: Tam Hel Maa Huh Tou Kes Hei Elo Syy Lok Mar Jou
2012: Tam Hel Maa Huh Tou Kes Hei Elo Syy Lok Mar Jou

Raportti 2021 Joulukuu
                   Monthly Climatological Summary for Dec 2021

Name: Weatherstation Vihtavuori   City: Vihtavuori, Laukaa   State: Finland
Elevation: 104 m  Lat: N 62 22 04   Lon: E 025 54 14

                  Temperature (°C), Rain (mm), Wind Speed (m/s)

                                      Heat  Cool        Avg
    Mean                              Deg   Deg         Wind                 Dom
Day Temp  High   Time   Low    Time   Days  Days  Rain  Speed High   Time    Dir
----------------------------------------------------------------------------------
01  -9.0  -7.4   17:59 -10.9   22:01  27.3   0.0   0.0   1.0   7.0   01:29   WNW
02 -11.3  -8.8   12:45 -14.3   23:57  29.6   0.0   0.0   0.1   3.0   22:17   NNW
03  -9.9  -5.9   16:50 -15.2   01:07  28.1   0.0   0.0   0.1   4.0   23:03     N
04 -13.8  -7.4   00:00 -17.8   23:32  32.1   0.0   0.0   0.9   6.0   02:55     N
05 -18.8 -17.3   13:13 -21.3   21:22  37.1   0.0   0.0   0.4   3.0   11:35   NNW
06 -12.0  -7.7   14:04 -17.9   00:00  30.3   0.0   0.0   0.2   5.0   15:42   NNE
07 -16.8 -14.7   00:00 -20.6   19:12  35.1   0.0   0.0   0.0   1.0   23:09   WNW
08 -19.3 -16.6   00:00 -22.6   20:11  37.6   0.0   0.0   0.0   1.0   01:35   WSW
09 -16.7 -12.9   20:21 -21.9   00:00  35.0   0.0   0.0   0.0   1.0   23:22   WSW
10 -10.9  -7.6   23:56 -13.8   00:00  29.2   0.0   0.0   0.6   5.0   18:30     E
11  -5.2  -3.2   16:22  -7.6   00:00  23.4   0.0   0.0   0.2   4.0   00:56     E
12  -3.3  -2.3   22:14  -4.4   00:00  21.6   0.0   0.0   0.0   2.0   00:18     E
13  -1.5  -0.1   21:58  -2.6   06:51  19.8   0.0   0.0   0.2   4.0   18:39   SSW
14   0.1   0.5   08:54  -0.6   23:56  18.1   0.0   0.2   0.1   4.0   00:06     S
15  -0.2   1.3   23:13  -1.6   05:39  18.4   0.0   0.0   0.9   9.0   23:03   SSW
16   0.3   1.4   13:18  -1.4   23:57  17.9   0.0   0.8   0.8   8.0   03:03    SW
17  -0.7   0.1   17:26  -2.3   03:17  19.0   0.0   0.0   0.3   8.0   09:39    NW
18   0.7   1.6   13:39  -0.6   01:03  17.6   0.0   2.4   0.4   5.0   22:31   WSW
19  -2.4   1.2   00:00  -8.1   23:54  20.7   0.0   1.2   1.5  10.0   21:44   NNW
20 -11.9  -8.1   00:00 -15.7   09:46  30.2   0.0   0.0   1.4   6.0   00:07   NNW
21 -14.8 -12.0   00:00 -17.1   09:10  33.0   0.0   0.0   0.7   6.0   00:17   NNW
22 -15.0 -10.6   23:58 -19.2   18:44  33.3   0.0   0.0   0.1   3.0   19:17    SW
23  -5.9  -3.1   14:12 -11.3   23:56  24.2   0.0   0.0   1.6   9.0   08:12    SW
24 -14.3 -11.3   00:00 -17.2   18:35  32.5   0.0   0.0   0.4   5.0   13:35   WSW
25 -15.7 -13.7   09:52 -18.8   23:58  34.0   0.0   0.0   0.1   4.0   22:30     W
26 -17.4 -10.6   23:21 -20.4   04:21  35.7   0.0   0.0   0.0   2.0   05:10    NW
27 -11.3  -8.9   23:44 -15.3   12:05  29.6   0.0   0.0   0.1   3.0   04:48   WSW
28  -7.8  -4.8   22:07 -10.4   05:59  26.1   0.0   0.0   0.1   4.0   17:08   SSW
29  -5.3  -4.1   23:40  -6.2   02:47  23.6   0.0   0.0   0.0   4.0   20:09   SSE
30  -4.2  -3.5   22:54  -5.1   10:29  22.5   0.0   0.0   0.0   4.0   21:06   SSE
31  -2.8  -1.2   11:17  -4.4   21:12  21.1   0.0   0.0   0.0   4.0   15:33    SW
----------------------------------------------------------------------------------
    -8.9   1.6    18   -22.6     8   843.7   0.0   4.6   0.4  10.0    19     WNW

Max >=  27.0  0
Max <=   0.0 25
Min <=   0.0 31
Min <= -18.0  7
Max Rain: 2.4 on day 18
Days of Rain: 4 (>= 0.2 mm)  1 (>= 2.0 mm)  0 (>= 20.0 mm)
Heat Base: 18.3  Cool Base: 18.3  Method: Integration