Laukaa, Finland
Kieli:  Suomi
CurCond
Päivitetty24/01/2020 06:48 
 

NOAA-Style Climate Reports

Select a Year or Month report
2020: Tam Hel Maa Huh Tou Kes Hei Elo Syy Lok Mar Jou
2019: Tam Hel Maa Huh Tou Kes Hei Elo Syy Lok Mar Jou
2018: Tam Hel Maa Huh Tou Kes Hei Elo Syy Lok Mar Jou
2017: Tam Hel Maa Huh Tou Kes Hei Elo Syy Lok Mar Jou
2016: Tam Hel Maa Huh Tou Kes Hei Elo Syy Lok Mar Jou
2015: Tam Hel Maa Huh Tou Kes Hei Elo Syy Lok Mar Jou
2014: Tam Hel Maa Huh Tou Kes Hei Elo Syy Lok Mar Jou
2013: Tam Hel Maa Huh Tou Kes Hei Elo Syy Lok Mar Jou
2012: Tam Hel Maa Huh Tou Kes Hei Elo Syy Lok Mar Jou

Raportti 2019 Joulukuu
                   Monthly Climatological Summary for Dec 2019

Name: Weatherstation Vihtavuori   City: Vihtavuori, Laukaa   State: Finland
Elevation: 104 m  Lat: N 62 22 04   Lon: E 025 54 14

                  Temperature (°C), Rain (mm), Wind Speed (m/s)

                                      Heat  Cool        Avg
    Mean                              Deg   Deg         Wind                 Dom
Day Temp  High   Time   Low    Time   Days  Days  Rain  Speed High   Time    Dir
----------------------------------------------------------------------------------
01  -4.2  -1.4   16:07  -9.1   00:01  22.5   0.0   0.0   1.6   8.0   16:01    SW
02  -4.8  -3.8   13:55  -5.8   23:51  23.1   0.0   0.0   1.3   6.0   06:15    SW
03  -5.4  -1.4   23:54  -7.7   10:17  23.7   0.0   0.0   0.7   7.0   23:39   SSW
04   1.8   3.9   13:02  -1.4   00:00  16.5   0.0   5.0   2.2   8.0   00:30    SW
05   2.9   3.8   22:22   1.0   00:41  15.4   0.0   0.4   3.2  12.0   03:48   SSW
06   2.7   3.6   04:20   2.0   19:07  15.6   0.0   2.8   1.0   9.0   00:14   SSW
07   0.7   2.7   02:16   0.1   14:06  17.6   0.0   3.2   0.2   5.0   01:45    SW
08  -0.4   0.3   03:08  -0.8   20:01  18.7   0.0   0.2   1.3  11.0   08:57    SW
09   0.4   3.1   06:28  -2.1   22:42  17.9   0.0  12.6   2.2  13.0   10:59   SSW
10  -4.2  -2.1   00:00  -7.6   21:05  22.5   0.0   0.0   0.2   5.0   04:28   WSW
11  -1.8   1.4   22:54  -6.4   00:00  20.1   0.0   1.2   1.8  10.0   14:44   SSE
12  -0.1   1.4   00:17  -1.6   18:56  18.4   0.0   2.4   1.2   8.0   13:07   SSE
13   0.1   0.6   18:44  -0.7   00:00  18.2   0.0   0.2   0.2   5.0   06:10    SE
14   0.3   0.4   00:00   0.2   01:56  18.0   0.0   1.2   0.9   6.0   11:46     E
15   0.2   0.6   02:17   0.0   20:18  18.1   0.0   1.2   0.7   5.0   02:21     E
16   0.2   0.8   21:51   0.0   00:11  18.1   0.0   0.8   0.1   5.0   21:22     S
17   0.1   0.7   00:03  -0.5   23:47  18.2   0.0   1.0   0.2   7.0   16:15   SSW
18  -0.4   0.1   10:19  -1.8   23:54  18.7   0.0   0.0   0.0   4.0   16:21   NNE
19  -1.6  -0.7   23:55  -2.2   07:27  19.9   0.0   0.0   0.0   0.0   00:00     N
20  -0.2   0.3   21:09  -0.9   04:36  18.5   0.0   0.0   0.0   3.0   23:49    SE
21   0.2   0.4   02:58   0.1   16:11  18.1   0.0   0.2   0.3   4.0   19:55   ESE
22   0.1   0.9   23:57  -0.3   09:11  18.2   0.0   0.2   0.4   4.0   13:39     E
23   0.7   1.3   02:58   0.1   23:57  17.6   0.0   6.8   0.0   4.0   01:24   SSE
24   0.1   0.6   02:17  -0.5   23:05  18.2   0.0   1.0   0.0   2.0   20:43   ENE
25  -1.0  -0.4   00:00  -1.9   23:03  19.3   0.0   0.0   0.0   2.0   02:50   NNW
26  -2.0  -1.8   00:02  -3.4   23:59  20.3   0.0   0.0   0.2   5.0   23:15   NNW
27  -7.1  -3.3   00:00  -8.7   08:41  25.4   0.0   0.0   0.9   7.0   16:11   NNW
28 -12.4  -7.1   00:01 -16.1   10:25  30.7   0.0   0.0   0.0   3.0   00:09   NNW
29  -1.9   1.9   23:57  -7.2   00:00  20.2   0.0   0.6   1.6  10.0   23:55     S
30   3.1   3.9   11:13   1.9   00:00  15.2   0.0  20.8   3.4  13.0   00:38   SSW
31  -1.3   2.6   01:19  -5.1   19:12  19.6   0.0   0.0   1.3   8.0   12:59     W
----------------------------------------------------------------------------------
    -1.1   3.9     4   -16.1    28   602.5   0.0  61.8   0.9  13.0     9     SSW

Max >=  27.0  0
Max <=   0.0  9
Min <=   0.0 24
Min <= -18.0  0
Max Rain: 20.8 on day 30
Days of Rain: 19 (>= 0.2 mm)  7 (>= 2.0 mm)  1 (>= 20.0 mm)
Heat Base: 18.3  Cool Base: 18.3  Method: Integration