Laukaa, Finland
Kieli:  Suomi
CurCond
Päivitetty31/03/2020 20:08 
 

NOAA-Style Climate Reports

Select a Year or Month report
2020: Tam Hel Maa Huh Tou Kes Hei Elo Syy Lok Mar Jou
2019: Tam Hel Maa Huh Tou Kes Hei Elo Syy Lok Mar Jou
2018: Tam Hel Maa Huh Tou Kes Hei Elo Syy Lok Mar Jou
2017: Tam Hel Maa Huh Tou Kes Hei Elo Syy Lok Mar Jou
2016: Tam Hel Maa Huh Tou Kes Hei Elo Syy Lok Mar Jou
2015: Tam Hel Maa Huh Tou Kes Hei Elo Syy Lok Mar Jou
2014: Tam Hel Maa Huh Tou Kes Hei Elo Syy Lok Mar Jou
2013: Tam Hel Maa Huh Tou Kes Hei Elo Syy Lok Mar Jou
2012: Tam Hel Maa Huh Tou Kes Hei Elo Syy Lok Mar Jou

Raportti 2020 Maaliskuu
                   Monthly Climatological Summary for Mar 2020

Name: Weatherstation Vihtavuori   City: Vihtavuori, Laukaa   State: Finland
Elevation: 104 m  Lat: N 62 22 04   Lon: E 025 54 14

                  Temperature (°C), Rain (mm), Wind Speed (m/s)

                                      Heat  Cool        Avg
    Mean                              Deg   Deg         Wind                 Dom
Day Temp  High   Time   Low    Time   Days  Days  Rain  Speed High   Time    Dir
----------------------------------------------------------------------------------
01  -2.2   0.1   23:52  -5.8   08:12  20.5   0.0   0.0   0.1   6.0   16:29    NE
02  -2.2   0.4   01:04  -3.7   10:12  20.5   0.0   0.0   0.1   5.0   02:26    SW
03  -3.2  -1.9   14:45  -4.4   05:13  21.5   0.0   0.0   0.3   4.0   09:47   NNE
04  -2.9  -1.1   23:59  -5.0   06:33  21.2   0.0   0.0   1.6   8.0   14:51    NE
05   1.0   2.6   14:26  -1.1   00:00  17.3   0.0   7.2   0.4   6.0   11:51    SE
06  -0.9   2.4   16:24  -5.1   23:11  19.2   0.0   0.6   1.4   8.0   11:43   SSW
07  -2.4   4.6   14:42  -8.6   07:18  20.7   0.0   1.4   0.1   4.0   13:22     S
08  -2.0   4.8   14:41  -9.7   07:36  20.3   0.0   0.2   1.1   8.0   15:53   SSE
09   2.9   3.8   16:08   1.8   00:00  15.4   0.0   0.0   1.9   8.0   01:17     S
10   1.9   2.8   00:00   0.9   17:20  16.4   0.0   3.6   0.5   5.0   00:18     S
11   1.5   2.6   15:17   0.3   23:49  16.8   0.0   2.6   0.4   6.0   13:45   ENE
12   0.5   2.2   14:55  -1.7   23:40  17.8   0.0   1.6   0.3   5.0   10:42   SSW
13  -1.5   1.5   15:31  -6.1   23:59  19.8   0.0   0.2   1.2  10.0   19:16   WNW
14  -5.0  -0.8   14:22  -8.3   23:59  23.3   0.0   0.0   1.3  12.0   17:18   WNW
15  -1.8   4.6   14:36 -10.8   03:19  20.1   0.0   0.6   2.5  14.0   14:11     S
16   1.3   3.8   13:24  -3.6   22:42  17.0   0.0   3.2   1.7   9.0   04:54    SW
17  -1.0   3.4   22:24  -7.2   06:37  19.3   0.0   0.4   2.0  11.0   13:52     S
18   3.8   6.9   14:51   1.4   20:42  14.5   0.0   0.2   2.1   9.0   10:19   SSW
19   1.7   5.3   16:30  -1.1   05:24  16.6   0.0   0.2   1.1   7.0   06:25    SW
20  -3.5   0.1   00:00  -7.5   23:44  21.8   0.0   0.0   1.1   7.0   14:13   NNW
21  -3.3   2.3   15:07  -7.7   04:26  21.6   0.0   0.0   0.6   7.0   15:08   NNW
22  -3.8   2.4   14:09 -11.7   07:07  22.1   0.0   0.0   0.9   9.0   15:43   SSW
23   0.6   5.3   16:35  -3.8   07:00  17.7   0.0   0.0   1.8  11.0   17:05     S
24   3.6   8.9   16:06  -0.4   04:14  14.7   0.0   0.0   3.5  13.0   13:29   SSW
25   6.0  10.0   14:33   2.4   04:39  12.3   0.0   0.0   4.6  17.0   14:49   SSW
26   4.2   6.2   00:00   1.9   07:17  14.1   0.0   0.0   0.5   7.0   00:07    SW
27   3.0   9.8   15:50  -3.1   06:27  15.3   0.0   0.0   0.4   7.0   16:44     S
28   2.7   6.2   10:55  -2.4   23:10  15.6   0.0   0.0   1.2   8.0   12:41   WSW
29  -2.8   0.8   13:37  -6.7   23:58  20.2   0.0   0.0   0.5   7.0   19:06     W
30  -4.0   1.7   17:50  -9.6   06:00  22.3   0.0   0.0   0.4   6.0   12:58     N
----------------------------------------------------------------------------------
    -0.3  10.0    25   -11.7    22   555.9   0.0  22.0   1.2  17.0    25     SSW

Max >=  27.0  0
Max <=   0.0  3
Min <=   0.0 24
Min <= -18.0  0
Max Rain: 7.2 on day 5
Days of Rain: 13 (>= 0.2 mm)  4 (>= 2.0 mm)  0 (>= 20.0 mm)
Heat Base: 18.3  Cool Base: 18.3  Method: Integration