Laukaa, Finland
Kieli:  Suomi
CurCond
Päivitetty21/08/2019 04:35 
 

NOAA-Style Climate Reports

Select a Year or Month report
2019: Tam Hel Maa Huh Tou Kes Hei Elo Syy Lok Mar Jou
2018: Tam Hel Maa Huh Tou Kes Hei Elo Syy Lok Mar Jou
2017: Tam Hel Maa Huh Tou Kes Hei Elo Syy Lok Mar Jou
2016: Tam Hel Maa Huh Tou Kes Hei Elo Syy Lok Mar Jou
2015: Tam Hel Maa Huh Tou Kes Hei Elo Syy Lok Mar Jou
2014: Tam Hel Maa Huh Tou Kes Hei Elo Syy Lok Mar Jou
2013: Tam Hel Maa Huh Tou Kes Hei Elo Syy Lok Mar Jou
2012: Tam Hel Maa Huh Tou Kes Hei Elo Syy Lok Mar Jou

Raportti 2019 Heinäkuu
                   Monthly Climatological Summary for Jul 2019

Name: Weatherstation Vihtavuori   City: Vihtavuori, Laukaa   State: Finland
Elevation: 104 m  Lat: N 62 22 04   Lon: E 025 54 14

                  Temperature (°C), Rain (mm), Wind Speed (m/s)

                                      Heat  Cool        Avg
    Mean                              Deg   Deg         Wind                 Dom
Day Temp  High   Time   Low    Time   Days  Days  Rain  Speed High   Time    Dir
----------------------------------------------------------------------------------
01  18.0  23.5   17:23  13.7   00:00   1.4   1.1   0.0   0.7   7.0   13:38   SSW
02  14.3  19.7   11:13   9.6   05:01   4.1   0.1   3.0   0.1   6.0   14:38   WNW
03  12.9  16.5   16:29   9.4   05:48   5.4   0.0   1.0   0.2   6.0   13:32   NNW
04  13.8  19.3   16:31   8.2   05:29   4.5   0.0   0.0   1.0   8.0   12:13    SW
05  13.7  18.9   13:50   6.9   05:42   4.6   0.0   0.0   0.4   6.0   11:59   ENE
06  14.7  19.9   13:23  11.6   23:58   3.7   0.1   1.6   0.2   7.0   15:06    NW
07  13.9  19.9   15:57   8.4   05:03   4.5   0.1   7.2   0.2   8.0   18:12   NNW
08  12.1  13.6   12:12   9.7   23:12   6.2   0.0   0.4   0.8   8.0   19:57   NNE
09  11.5  14.9   18:16   8.9   05:43   6.8   0.0   0.0   0.5   6.0   07:40     N
10  14.3  19.2   13:48   8.4   04:08   4.0   0.0   0.0   0.6   8.0   12:52   NNE
11  12.6  16.5   16:38  10.1   05:20   5.7   0.0   0.0   0.2   4.0   01:20   NNE
12  13.2  17.9   12:47   6.8   04:25   5.1   0.0   0.0   0.3   8.0   10:37    NW
13  11.7  14.3   17:10   7.3   23:58   6.6   0.0   0.0   0.3   5.0   17:41   NNE
14  12.0  18.6   17:18   4.8   04:20   6.3   0.0   0.0   0.1   4.0   16:49    NW
15  14.6  20.8   16:15   8.4   05:23   4.0   0.3   0.0   0.4   6.0   16:13    NE
16  15.9  20.9   14:46  11.9   05:20   2.8   0.4   0.0   0.4   6.0   13:19    NE
17  16.4  24.1   15:58   9.6   05:41   3.1   1.2   0.2   0.3   7.0   21:39   NNE
18  16.8  23.1   17:10  10.3   01:50   2.7   1.2   0.0   0.4   8.0   17:07     N
19  17.7  23.0   16:13  12.4   04:57   2.0   1.4   0.0   0.7   7.0   15:21   NNW
20  18.8  25.3   17:53  11.0   05:11   2.1   2.6   0.0   0.2   5.0   12:14     N
21  19.7  27.6   17:13  10.1   05:24   2.1   3.6   0.0   0.2   4.0   11:59   ENE
22  20.3  28.1   17:12  11.1   05:10   1.8   3.8   0.0   0.2   5.0   13:50     E
23  20.7  27.9   16:47  11.8   05:28   1.5   3.8   0.0   0.2   4.0   10:06   ENE
24  22.2  29.3   15:39  14.3   04:56   1.0   4.8   0.0   0.3   7.0   17:14    NW
25  21.4  28.2   16:42  13.7   05:35   0.8   3.9   0.0   0.4   5.0   18:58    NE
26  21.9  29.8   18:14  13.1   05:03   1.3   4.9   0.0   0.1   4.0   11:39   ENE
27  24.6  32.9   16:43  14.8   05:16   0.6   7.0   0.0   0.2   5.0   14:17    NE
28  22.2  26.1   12:21  15.7   23:58   0.1   4.0   0.0   0.8   8.0   12:42   NNE
29  14.0  18.5   17:00   8.3   05:43   4.3   0.0   0.0   0.5   7.0   15:18   NNW
30   9.7  13.2   15:31   6.1   05:04   8.6   0.0   0.4   0.9   8.0   13:13   NNW
31  12.4  16.7   16:08   9.4   00:03   5.9   0.0   0.4   0.9   9.0   14:57   NNW
----------------------------------------------------------------------------------
    16.1  32.9    27     4.8    14   113.6  44.3  14.2   0.4   9.0    31       N

Max >=  27.0  7
Max <=   0.0  0
Min <=   0.0  0
Min <= -18.0  0
Max Rain: 7.2 on day 7
Days of Rain: 8 (>= 0.2 mm)  2 (>= 2.0 mm)  0 (>= 20.0 mm)
Heat Base: 18.3  Cool Base: 18.3  Method: Integration