Laukaa, Finland
Kieli:  Suomi
CurCond
Päivitetty21/08/2019 03:50 
 

NOAA-Style Climate Reports

Select a Year or Month report
2019: Tam Hel Maa Huh Tou Kes Hei Elo Syy Lok Mar Jou
2018: Tam Hel Maa Huh Tou Kes Hei Elo Syy Lok Mar Jou
2017: Tam Hel Maa Huh Tou Kes Hei Elo Syy Lok Mar Jou
2016: Tam Hel Maa Huh Tou Kes Hei Elo Syy Lok Mar Jou
2015: Tam Hel Maa Huh Tou Kes Hei Elo Syy Lok Mar Jou
2014: Tam Hel Maa Huh Tou Kes Hei Elo Syy Lok Mar Jou
2013: Tam Hel Maa Huh Tou Kes Hei Elo Syy Lok Mar Jou
2012: Tam Hel Maa Huh Tou Kes Hei Elo Syy Lok Mar Jou

Raportti 2019 Toukokuu
                   Monthly Climatological Summary for May 2019

Name: Weatherstation Vihtavuori   City: Vihtavuori, Laukaa   State: Finland
Elevation: 104 m  Lat: N 62 22 04   Lon: E 025 54 14

                  Temperature (°C), Rain (mm), Wind Speed (m/s)

                                      Heat  Cool        Avg
    Mean                              Deg   Deg         Wind                 Dom
Day Temp  High   Time   Low    Time   Days  Days  Rain  Speed High   Time    Dir
----------------------------------------------------------------------------------
01   7.3  14.6   13:44   0.6   06:21  11.0   0.0   7.0   1.3  13.0   11:27   SSW
02   1.2   4.0   00:00  -1.4   23:48  17.1   0.0   2.8   1.0   7.0   23:59   NNW
03  -1.4   0.6   15:23  -3.1   06:55  19.7   0.0   1.6   2.2   9.0   14:49   WNW
04   0.0   2.8   17:55  -1.9   00:13  18.3   0.0   3.0   1.1   7.0   13:56    SW
05   2.5   8.3   17:40  -1.0   02:11  15.8   0.0   2.4   0.9   8.0   11:08   SSW
06   5.0  12.2   15:05  -1.2   06:25  13.3   0.0   0.2   0.4   5.0   13:07    SE
07   4.4  10.3   17:52  -2.3   05:13  13.9   0.0   0.6   0.6   7.0   12:37   ENE
08   5.3  10.4   16:17   0.4   03:56  13.0   0.0   0.0   1.6  10.0   16:33     S
09   7.8  15.8   17:27  -2.3   05:36  10.5   0.0   0.0   0.8   7.0   12:58     E
10   6.5   8.7   20:11   2.2   05:49  11.8   0.0   2.6   0.3   5.0   09:12    NE
11  10.2  12.7   15:26   8.4   07:00   8.1   0.0   9.6   0.6   9.0   22:37   NNW
12   9.8  12.8   14:55   6.8   23:56   8.5   0.0   9.6   2.9  13.0   13:11   SSW
13   7.6  11.3   14:23   4.7   05:35  10.7   0.0   0.0   1.4   8.0   00:17    SW
14   7.1  12.3   17:23   0.5   06:05  11.2   0.0   0.0   0.8   9.0   14:16   WSW
15   9.1  15.3   15:58   1.4   02:14   9.2   0.0   0.0   0.4   6.0   16:29   WSW
16  11.0  19.1   17:21   0.6   05:33   7.3   0.0   0.0   0.4   6.0   15:24    SW
17  13.5  20.8   17:19   5.2   05:20   5.2   0.4   0.0   0.4   5.0   09:32   NNE
18  15.6  25.1   17:45   5.1   05:41   4.5   1.8   0.0   0.2   4.0   11:25   ENE
19  17.2  26.0   17:01   6.3   05:33   3.6   2.5   0.0   0.3   4.0   13:25   SSE
20  15.8  20.6   17:52  12.2   05:31   2.9   0.4   0.2   0.5   6.0   16:29    NE
21  17.8  24.6   15:11  13.2   02:42   1.8   1.3   4.0   0.2   5.0   16:18   ESE
22  15.4  20.4   12:20  11.9   04:53   3.1   0.2   4.2   0.3   6.0   21:02   NNE
23   9.2  12.7   00:00   6.2   09:26   9.1   0.0   0.8   0.7   7.0   05:30    NE
24   7.3  10.4   18:29   5.8   12:25  11.0   0.0   5.8   0.7   7.0   10:17     E
25   8.9  11.6   16:02   6.8   03:52   9.4   0.0   5.6   0.2   4.0   23:21   ENE
26   8.2  10.7   14:06   4.7   06:40  10.1   0.0   5.0   0.2   5.0   05:11     E
27  10.0  14.7   16:14   7.1   03:59   8.2   0.0   0.8   0.0   3.0   08:53     W
28  11.1  15.8   16:38   5.2   04:52   7.2   0.0   0.0   0.4   6.0   11:15    SE
29  11.9  17.7   16:15   7.0   23:53   6.4   0.0   8.6   1.4  13.0   18:47    SW
30  11.4  16.8   16:14   4.7   03:33   6.9   0.0   0.0   2.4  12.0   14:56   SSW
31  10.6  13.4   15:31   7.2   06:14   7.6   0.0   1.0   3.1  18.0   16:42   SSW
----------------------------------------------------------------------------------
     8.9  26.0    19    -3.1     3   296.4   6.6  75.4   0.9  18.0    31     SSW

Max >=  27.0  0
Max <=   0.0  0
Min <=   0.0  7
Min <= -18.0  0
Max Rain: 9.6 on day 11
Days of Rain: 20 (>= 0.2 mm)  13 (>= 2.0 mm)  0 (>= 20.0 mm)
Heat Base: 18.3  Cool Base: 18.3  Method: Integration