Laukaa, Finland
Kieli:  Suomi
CurCond
Päivitetty21/08/2019 03:55 
 

NOAA-Style Climate Reports

Select a Year or Month report
2019: Tam Hel Maa Huh Tou Kes Hei Elo Syy Lok Mar Jou
2018: Tam Hel Maa Huh Tou Kes Hei Elo Syy Lok Mar Jou
2017: Tam Hel Maa Huh Tou Kes Hei Elo Syy Lok Mar Jou
2016: Tam Hel Maa Huh Tou Kes Hei Elo Syy Lok Mar Jou
2015: Tam Hel Maa Huh Tou Kes Hei Elo Syy Lok Mar Jou
2014: Tam Hel Maa Huh Tou Kes Hei Elo Syy Lok Mar Jou
2013: Tam Hel Maa Huh Tou Kes Hei Elo Syy Lok Mar Jou
2012: Tam Hel Maa Huh Tou Kes Hei Elo Syy Lok Mar Jou

Raportti 2019 Tammikuu
                   Monthly Climatological Summary for Jan 2019

Name: Weatherstation Vihtavuori   City: Vihtavuori, Laukaa   State: Finland
Elevation: 104 m  Lat: N 62 22 04   Lon: E 025 54 14

                  Temperature (°C), Rain (mm), Wind Speed (m/s)

                                      Heat  Cool        Avg
    Mean                              Deg   Deg         Wind                 Dom
Day Temp  High   Time   Low    Time   Days  Days  Rain  Speed High   Time    Dir
----------------------------------------------------------------------------------
01  -0.3   0.1   12:59  -1.5   00:00  18.5   0.0   0.0   0.7   8.0   00:48     S
02  -7.2  -0.6   00:00 -11.3   22:39  25.5   0.0   0.0   0.4   6.0   20:31    NW
03 -16.1 -11.3   23:59 -21.6   19:15  34.4   0.0   0.0   0.2   5.0   00:36    NW
04  -6.5  -5.1   13:47 -11.3   00:00  24.8   0.0   0.0   0.2   4.0   04:19     S
05  -8.3  -7.6   00:00  -8.7   13:11  26.6   0.0   0.0   0.0   3.0   02:35   NNW
06  -4.9  -1.3   23:56  -8.4   00:00  23.2   0.0   0.0   0.4   4.0   20:46   SSW
07  -0.8   0.6   08:12  -2.9   19:20  19.1   0.0   0.0   0.8   5.0   01:52    SW
08  -2.4  -1.7   13:40  -3.6   23:55  20.7   0.0   0.0   0.1   4.0   00:48   SSW
09  -4.8  -3.4   01:35  -6.8   23:08  23.1   0.0   0.0   0.2   5.0   15:11   NNW
10  -7.8  -5.3   23:58  -9.5   18:07  26.1   0.0   0.0   1.0   9.0   22:32     S
11  -0.8   0.6   20:58  -5.3   00:00  19.1   0.0   0.0   3.1  12.0   16:29   SSW
12  -3.4   0.1   01:20  -6.8   23:58  21.7   0.0   0.0   0.9   6.0   12:35   WSW
13 -11.6  -6.1   23:51 -16.2   10:29  29.8   0.0   0.0   0.0   3.0   00:02   SSW
14  -4.8  -4.2   07:51  -6.1   00:00  23.1   0.0   0.0   0.0   3.0   23:47    NE
15  -6.5  -4.8   00:01  -9.0   23:49  24.6   0.0   0.0   0.2   4.0   06:17    NW
16  -7.3  -6.1   16:23  -9.1   00:15  25.5   0.0   0.0   0.1   7.0   12:09   WNW
17  -9.4  -8.3   06:46 -11.6   23:44  27.7   0.0   0.0   0.4   5.0   12:43     N
18  -9.9 -10.4   04:05 -17.1   23:55  28.4   0.3   0.0   0.1   3.0   07:12    SW
19 -14.3  21.1   20:14 -20.7   04:33  32.2   0.0   0.0   0.0   2.0   23:59   NNW
20 -14.6 -10.3   00:00 -19.2   23:57  33.7   0.0   0.0   0.1   5.0   02:20    NW
21 -23.5 -19.2   00:00 -27.3   23:51  41.8   0.0   0.0   0.0   1.0   02:54     N
22 -13.6  -9.4   23:59 -27.3   00:00  31.9   0.0   0.0   0.1   3.0   06:01    SW
23  -7.5  -5.2   13:44 -13.8   23:57  25.8   0.0   0.0   0.0   3.0   02:08    SW
24 -21.0 -13.8   00:00 -24.2   21:07  39.2   0.0   0.0   0.0   0.0   00:00     N
25 -14.7 -10.7   16:31 -22.5   00:00  32.9   0.0   0.0   0.0   0.0   00:00     N
26 -12.9 -11.2   05:11 -15.6   23:56  31.2   0.0   0.0   0.0   1.0   19:11     N
27 -21.4 -15.6   00:00 -28.1   23:52  39.7   0.0   0.0   0.0   2.0   05:14     N
28 -22.8 -11.9   23:51 -29.8   06:23  41.0   0.0   0.0   0.1   4.0   18:22   ENE
29  -9.9  -8.4   23:18 -11.9   00:00  28.2   0.0   0.0   0.3   4.0   09:39     E
30  -9.8  -7.1   14:03 -16.2   23:58  28.0   0.0   0.0   0.0   2.0   15:12   WSW
31 -13.1 -10.3   23:17 -16.7   02:03  31.4   0.0   0.0   0.0   0.0   00:13     N
----------------------------------------------------------------------------------
   -10.1  21.1    19   -29.8    28   878.9   0.3   0.0   0.3  12.0    11      SW

Max >=  27.0  0
Max <=   0.0 26
Min <=   0.0 31
Min <= -18.0  9
Max Rain: 0.0 on day 0
Days of Rain: 0 (>= 0.2 mm)  0 (>= 2.0 mm)  0 (>= 20.0 mm)
Heat Base: 18.3  Cool Base: 18.3  Method: Integration