Laukaa, Finland
Kieli:  Suomi
CurCond
Päivitetty21/08/2019 03:30 
 

NOAA-Style Climate Reports

Select a Year or Month report
2019: Tam Hel Maa Huh Tou Kes Hei Elo Syy Lok Mar Jou
2018: Tam Hel Maa Huh Tou Kes Hei Elo Syy Lok Mar Jou
2017: Tam Hel Maa Huh Tou Kes Hei Elo Syy Lok Mar Jou
2016: Tam Hel Maa Huh Tou Kes Hei Elo Syy Lok Mar Jou
2015: Tam Hel Maa Huh Tou Kes Hei Elo Syy Lok Mar Jou
2014: Tam Hel Maa Huh Tou Kes Hei Elo Syy Lok Mar Jou
2013: Tam Hel Maa Huh Tou Kes Hei Elo Syy Lok Mar Jou
2012: Tam Hel Maa Huh Tou Kes Hei Elo Syy Lok Mar Jou

Raportti 2018 Joulukuu
                   Monthly Climatological Summary for Dec 2018

Name: Weatherstation Vihtavuori   City: Vihtavuori, Laukaa   State: Finland
Elevation: 104 m  Lat: N 62 22 04   Lon: E 025 54 14

                  Temperature (°C), Rain (mm), Wind Speed (m/s)

                                      Heat  Cool        Avg
    Mean                              Deg   Deg         Wind                 Dom
Day Temp  High   Time   Low    Time   Days  Days  Rain  Speed High   Time    Dir
----------------------------------------------------------------------------------
01  -2.4   1.3   00:00  -5.5   23:55  20.7   0.0   0.0   2.3  11.0   00:04   SSE
02  -3.1  -2.5   03:57  -5.7   00:26  21.4   0.0   0.0   0.4   5.0   04:56    SE
03  -3.5  -2.7   08:27  -5.3   23:54  21.8   0.0   0.0   1.4   8.0   08:02   ESE
04  -1.8   1.8   23:57  -5.5   00:41  20.1   0.0   1.2   0.6   6.0   01:53     E
05   1.1   2.3   03:07  -0.6   23:53  17.1   0.0   2.8   0.7   8.0   21:16   SSW
06  -0.4  -0.1   01:41  -1.2   06:28  18.6   0.0   0.0   2.3   9.0   02:58   SSW
07  -1.0   0.1   17:12  -1.7   02:04  19.3   0.0   0.0   0.4   5.0   01:44   SSE
08  -1.1  -0.5   14:03  -1.6   07:12  19.4   0.0   0.0   0.7   6.0   16:28   ESE
09   1.0   1.8   09:17  -0.8   00:00  17.3   0.0   6.0   1.1   8.0   11:08    SE
10   0.2   1.0   00:00  -0.2   10:58  18.1   0.0   0.6   0.5   5.0   00:28   ENE
11  -0.7  -0.1   00:00  -1.6   23:53  19.0   0.0   0.0   0.1   4.0   21:32   NNW
12  -1.5  -1.2   09:50  -1.9   01:36  19.8   0.0   0.0   0.1   4.0   09:44   NNW
13  -2.6  -1.7   00:00  -3.9   23:22  20.9   0.0   0.0   0.0   3.0   05:45     N
14  -5.3  -3.8   00:13  -6.9   23:37  23.6   0.0   0.0   0.1   3.0   02:59    SW
15  -8.3  -6.7   01:33  -9.4   20:27  26.6   0.0   0.0   0.1   3.0   00:21    SW
16  -8.1  -6.1   23:54  -9.2   00:00  26.4   0.0   0.0   0.1   4.0   23:52   ESE
17  -5.0  -3.7   23:27  -6.1   00:00  23.3   0.0   0.0   0.4   5.0   02:15   ENE
18  -3.5  -2.8   12:21  -4.8   22:40  21.8   0.0   0.0   0.0   1.0   01:43     N
19  -4.0  -3.1   13:19  -5.2   23:47  22.3   0.0   0.0   0.0   2.0   05:29     E
20  -8.5  -5.2   00:00 -14.4   20:02  26.8   0.0   0.0   0.0   4.0   08:28   ENE
21 -10.3  -8.5   11:26 -12.5   17:45  28.6   0.0   0.0   0.0   3.0   23:11    NE
22 -11.9 -10.9   03:01 -12.6   17:16  30.2   0.0   0.0   0.4   4.0   05:45    NE
23 -13.0 -11.0   13:17 -17.8   22:18  31.3   0.0   0.2   0.0   2.0   00:19     N
24 -10.7  -5.6   22:59 -16.3   00:00  29.0   0.0   0.0   0.4   6.0   23:32   SSW
25  -2.4   0.7   18:33  -5.6   00:00  20.7   0.0   0.0   1.2   6.0   16:35   SSW
26  -2.2   0.4   00:00  -4.8   16:34  20.5   0.0   0.0   0.7   7.0   00:48    NW
27  -2.2  -0.5   23:46  -4.4   00:00  20.5   0.0   0.0   0.0   3.0   14:17   SSW
28  -1.2  -0.3   12:43  -2.6   17:39  19.5   0.0   0.0   0.1   4.0   01:24    SW
29  -1.9   0.5   23:19  -3.4   06:56  20.2   0.0   0.0   0.7   8.0   22:44   SSW
30  -1.8   0.5   00:08  -6.1   23:53  20.1   0.0   0.0   0.3   5.0   00:06     W
31  -7.0  -1.5   23:42 -12.6   10:19  25.3   0.0   0.0   0.2  11.0   19:17     S
----------------------------------------------------------------------------------
    -4.0   2.3     5   -17.8    23   690.2   0.0  10.8   0.5  11.0     1     SSE

Max >=  27.0  0
Max <=   0.0 21
Min <=   0.0 31
Min <= -18.0  0
Max Rain: 6.0 on day 9
Days of Rain: 5 (>= 0.2 mm)  2 (>= 2.0 mm)  0 (>= 20.0 mm)
Heat Base: 18.3  Cool Base: 18.3  Method: Integration