Laukaa, Finland
Kieli:  Suomi
11°C CurCond
Päivitetty18/10/2018 15:35 
 

NOAA-Style Climate Reports

Select a Year or Month report
2018: Tam Hel Maa Huh Tou Kes Hei Elo Syy Lok Mar Jou
2017: Tam Hel Maa Huh Tou Kes Hei Elo Syy Lok Mar Jou
2016: Tam Hel Maa Huh Tou Kes Hei Elo Syy Lok Mar Jou
2015: Tam Hel Maa Huh Tou Kes Hei Elo Syy Lok Mar Jou
2014: Tam Hel Maa Huh Tou Kes Hei Elo Syy Lok Mar Jou
2013: Tam Hel Maa Huh Tou Kes Hei Elo Syy Lok Mar Jou
2012: Tam Hel Maa Huh Tou Kes Hei Elo Syy Lok Mar Jou

Raportti 2018 Heinäkuu
                   Monthly Climatological Summary for Jul 2018

Name: Weatherstation Vihtavuori   City: Vihtavuori, Laukaa   State: Finland
Elevation: 104 m  Lat: N 62 22 04   Lon: E 025 54 14

                  Temperature (°C), Rain (mm), Wind Speed (m/s)

                                      Heat  Cool        Avg
    Mean                              Deg   Deg         Wind                 Dom
Day Temp  High   Time   Low    Time   Days  Days  Rain  Speed High   Time    Dir
----------------------------------------------------------------------------------
01  14.3  19.6   17:05   8.6   02:23   4.2   0.1   0.0   1.2   9.0   12:35   NNE
02  14.0  16.7   17:04  10.1   05:21   4.3   0.0   0.0   0.9   7.0   13:00   NNE
03  14.3  15.4   11:16  13.1   15:12   4.0   0.0   5.2   0.1   5.0   11:40   NNE
04  14.9  19.0   16:18  11.7   02:47   3.4   0.0   0.0   0.1   4.0   14:44     E
05  15.3  21.4   12:56  10.8   04:49   3.3   0.3   4.2   0.2   7.0   16:41    NW
06  17.3  22.7   15:43  13.6   04:59   2.0   1.0   0.4   0.5   6.0   00:00   NNW
07  19.6  24.1   15:27  15.2   00:28   0.7   2.0   0.0   1.0   8.0   09:15    NW
08  17.3  19.7   17:32  15.0   03:51   1.3   0.3   0.0   0.3   6.0   07:24   NNW
09  17.3  23.1   17:49  10.8   05:28   2.4   1.4   0.0   0.5   7.0   12:40   NNE
10  17.5  24.0   17:23   9.5   03:40   2.5   1.7   0.0   0.5   6.0   10:16   NNE
11  18.2  25.4   15:10   9.8   05:01   2.4   2.3   0.0   0.1   4.0   12:01   ENE
12  19.1  27.6   17:17   8.8   04:55   2.6   3.4   0.0   0.1   4.0   13:05   ESE
13  21.6  29.5   15:58  12.9   05:25   1.1   4.4   0.0   0.1   4.0   18:10     E
14  21.6  27.6   12:30  15.9   05:35   0.4   3.7   1.4   0.1   4.0   13:18   NNE
15  22.5  29.9   16:55  14.7   05:25   0.8   5.0   0.0   0.2   4.0   11:14    NE
16  23.4  32.5   16:49  13.3   05:15   1.1   6.1   0.0   0.1   4.0   20:20   ENE
17  24.7  32.8   17:21  15.1   05:11   0.6   7.0   0.0   0.4   7.0   16:11    NE
18  24.0  30.2   16:39  17.8   02:48   0.0   5.7   0.0   0.8   7.0   18:31    NE
19  22.2  28.9   14:39  13.4   05:26   0.9   4.9   0.0   0.7   7.0   16:34    NE
20  22.4  29.2   18:07  15.2   04:44   0.7   4.7   0.0   0.5   8.0   20:23    NE
21  21.3  24.7   17:13  19.8   06:41   0.0   3.0   2.6   0.3   6.0   17:53   ENE
22  22.6  27.8   17:33  19.2   23:58   0.0   4.3   0.8   0.5   8.0   14:43   SSW
23  21.5  29.9   17:15  13.3   05:49   0.9   3.8   0.0   0.2   4.0   13:03   SSW
24  23.3  31.1   15:20  13.9   05:27   0.9   5.9   0.0   0.2   5.0   14:08   SSE
25  24.1  31.8   17:25  16.2   05:19   0.3   6.2   0.0   0.3   5.0   12:34    SE
26  23.6  30.9   17:33  16.5   05:19   0.2   5.5   0.0   0.1   4.0   18:26     E
27  24.2  30.6   13:16  17.7   05:34   0.0   5.9   0.0   0.3   6.0   13:31    NE
28  21.2  25.1   13:46  18.3   04:41   0.0   2.9   0.0   0.9   7.0   14:28    NE
29  23.4  29.1   17:12  18.9   05:46   0.0   5.1   0.0   1.3   8.0   12:39   ENE
30  24.3  31.6   16:57  16.6   05:26   0.2   6.2   0.0   0.5   6.0   13:36     E
31  23.5  31.9   17:09  14.3   05:57   0.6   5.8   0.0   0.3   6.0   19:11   ESE
----------------------------------------------------------------------------------
    20.5  32.8    17     8.6     1    41.8 108.6  14.6   0.4   9.0     1      NE

Max >=  27.0 18
Max <=   0.0  0
Min <=   0.0  0
Min <= -18.0  0
Max Rain: 5.2 on day 3
Days of Rain: 6 (>= 0.2 mm)  3 (>= 2.0 mm)  0 (>= 20.0 mm)
Heat Base: 18.3  Cool Base: 18.3  Method: Integration