Laukaa, Finland
Kieli:  Suomi
10°C CurCond
Päivitetty21/09/2018 03:00 
 

NOAA-Style Climate Reports

Select a Year or Month report
2018: Tam Hel Maa Huh Tou Kes Hei Elo Syy Lok Mar Jou
2017: Tam Hel Maa Huh Tou Kes Hei Elo Syy Lok Mar Jou
2016: Tam Hel Maa Huh Tou Kes Hei Elo Syy Lok Mar Jou
2015: Tam Hel Maa Huh Tou Kes Hei Elo Syy Lok Mar Jou
2014: Tam Hel Maa Huh Tou Kes Hei Elo Syy Lok Mar Jou
2013: Tam Hel Maa Huh Tou Kes Hei Elo Syy Lok Mar Jou
2012: Tam Hel Maa Huh Tou Kes Hei Elo Syy Lok Mar Jou

Raportti 2018 Toukokuu
                   Monthly Climatological Summary for May 2018

Name: Weatherstation Vihtavuori   City: Vihtavuori, Laukaa   State: Finland
Elevation: 104 m  Lat: N 62 22 04   Lon: E 025 54 14

                  Temperature (°C), Rain (mm), Wind Speed (m/s)

                                      Heat  Cool        Avg
    Mean                              Deg   Deg         Wind                 Dom
Day Temp  High   Time   Low    Time   Days  Days  Rain  Speed High   Time    Dir
----------------------------------------------------------------------------------
01   4.1   7.2   11:16  -0.6   05:12  14.2   0.0   6.4   0.9   8.0   15:34    NE
02   6.0   7.8   17:38   4.7   02:44  12.3   0.0   5.4   0.4   8.0   21:23    SE
03   7.1  11.8   16:56   4.1   04:16  11.2   0.0   0.0   0.6   7.0   00:36   ESE
04   6.8   8.6   12:39   5.2   23:47  11.5   0.0   4.8   2.1  10.0   17:11     S
05   6.4  13.4   17:33   1.1   06:09  11.9   0.0   0.0   0.3   5.0   06:07   WNW
06  11.4  20.2   15:00  -0.1   05:45   7.1   0.2   0.0   1.1   9.0   15:14   SSW
07  14.1  21.2   16:43   6.2   06:17   4.6   0.4   0.0   0.8   8.0   14:36     S
08  10.9  16.8   16:54   3.5   06:02   7.4   0.0   0.0   0.6   7.0   12:44     N
09  11.2  20.4   16:12   0.1   05:48   7.4   0.2   0.0   0.6   6.0   12:50    SE
10  12.6  22.2   17:24   2.0   05:53   6.3   0.6   0.0   0.6   6.0   13:57   SSE
11  14.3  25.1   17:29   1.8   05:48   5.8   1.8   0.0   0.4   5.0   11:55   SSE
12  15.9  25.8   17:05   4.2   06:08   4.8   2.3   0.0   0.3   5.0   12:37    SE
13  18.0  28.8   17:40   5.3   05:24   4.1   3.8   0.0   0.3   4.0   15:49     E
14  19.6  29.4   16:13   7.1   05:32   3.1   4.4   0.0   0.3   5.0   15:01    SE
15  19.4  28.1   16:43   9.3   05:31   2.5   3.6   0.0   0.3   4.0   14:21    NE
16  19.1  27.8   13:43  10.3   04:54   2.3   3.1   0.0   0.3   5.0   15:49   ENE
17  17.7  25.8   16:19  10.9   02:48   2.6   2.0   0.0   0.3   6.0   15:46   NNW
18  12.2  17.8   17:36   7.7   06:03   6.1   0.0   0.0   1.1   8.0   07:23   NNW
19  12.7  19.4   17:04   6.2   04:43   5.7   0.1   0.0   0.4   5.0   15:04    NW
20  14.5  22.2   15:49   3.6   05:02   4.9   1.1   0.0   0.6   8.0   13:27    SW
21  18.5  26.2   17:02   7.9   05:36   2.7   2.8   0.0   1.2  10.0   11:21    SW
22  18.0  26.2   17:18   7.7   05:28   3.0   2.7   0.0   0.3   5.0   10:58    SE
23  16.1  21.1   16:58  10.8   23:59   2.7   0.5   0.0   0.6   7.0   13:32    NW
24  13.9  20.8   17:04   7.2   05:24   4.7   0.3   0.0   0.4   6.0   00:07     N
25  16.1  25.3   17:10   4.0   05:16   4.4   2.2   0.0   0.3   6.0   13:50     S
26  18.3  25.3   15:59   8.5   04:51   2.6   2.6   0.0   1.0   8.0   15:29    SW
27  14.7  19.8   15:45   9.6   02:59   3.8   0.2   0.0   0.5   7.0   15:13   NNW
28  15.9  25.4   17:43   4.5   05:14   4.4   2.0   0.0   0.3   5.0   10:07     S
29  18.8  26.7   16:55   8.6   05:27   2.5   3.0   0.0   1.8  12.0   16:08    SW
30  15.5  20.4   17:11  11.6   05:08   3.0   0.2   0.0   1.0  10.0   19:04    NW
31  13.0  19.8   17:38   6.9   05:21   5.4   0.1   0.0   0.4   7.0   00:03   NNE
----------------------------------------------------------------------------------
    14.0  29.4    14    -0.6     1   175.0  40.2  16.6   0.6  12.0    29     SSW

Max >=  27.0  4
Max <=   0.0  0
Min <=   0.0  2
Min <= -18.0  0
Max Rain: 6.4 on day 1
Days of Rain: 3 (>= 0.2 mm)  3 (>= 2.0 mm)  0 (>= 20.0 mm)
Heat Base: 18.3  Cool Base: 18.3  Method: Integration