Laukaa, Finland
Kieli:  Suomi
11°C CurCond
Päivitetty18/10/2018 15:35 
 

NOAA-Style Climate Reports

Select a Year or Month report
2018: Tam Hel Maa Huh Tou Kes Hei Elo Syy Lok Mar Jou
2017: Tam Hel Maa Huh Tou Kes Hei Elo Syy Lok Mar Jou
2016: Tam Hel Maa Huh Tou Kes Hei Elo Syy Lok Mar Jou
2015: Tam Hel Maa Huh Tou Kes Hei Elo Syy Lok Mar Jou
2014: Tam Hel Maa Huh Tou Kes Hei Elo Syy Lok Mar Jou
2013: Tam Hel Maa Huh Tou Kes Hei Elo Syy Lok Mar Jou
2012: Tam Hel Maa Huh Tou Kes Hei Elo Syy Lok Mar Jou

Raportti 2018 Maaliskuu
                   Monthly Climatological Summary for Mar 2018

Name: Weatherstation Vihtavuori   City: Vihtavuori, Laukaa   State: Finland
Elevation: 104 m  Lat: N 62 22 04   Lon: E 025 54 14

                  Temperature (°C), Rain (mm), Wind Speed (m/s)

                                      Heat  Cool        Avg
    Mean                              Deg   Deg         Wind                 Dom
Day Temp  High   Time   Low    Time   Days  Days  Rain  Speed High   Time    Dir
----------------------------------------------------------------------------------
01 -16.6  -5.4   16:28 -26.1   07:36  34.9   0.0   0.0   0.0   2.0   12:13   ESE
02  -9.3  -4.2   16:38 -13.4   22:43  27.6   0.0   0.0   0.0   3.0   15:42   ESE
03 -11.6  -4.7   16:19 -18.2   07:00  29.9   0.0   0.0   0.1   4.0   12:06    NE
04 -11.0  -4.9   14:18 -18.3   02:52  29.3   0.0   0.0   0.1   4.0   13:45   NNE
05 -10.4  -6.1   15:25 -15.6   07:52  28.7   0.0   0.0   0.3   4.0   21:22   ENE
06 -11.2  -6.3   13:25 -15.8   07:47  29.5   0.0   0.0   0.6   6.0   14:34    NE
07 -12.6  -4.9   16:45 -18.2   05:58  30.9   0.0   0.0   0.4   5.0   16:17    NE
08 -10.2  -4.6   13:54 -16.1   01:17  28.5   0.0   0.0   0.5   5.0   14:15    NE
09  -4.2  -2.5   23:50  -6.3   00:00  22.5   0.0   0.0   0.6   5.0   04:05     E
10  -1.3   0.2   14:32  -2.5   00:00  19.6   0.0   5.2   0.2   4.0   00:53   ESE
11  -0.8   1.6   14:12  -2.6   04:35  19.1   0.0   0.4   0.3   4.0   14:14     S
12  -0.7   0.5   13:37  -1.6   23:32  19.0   0.0   0.0   0.5   5.0   13:31     E
13  -0.1   1.2   13:01  -1.6   00:00  18.4   0.0  15.6   0.0   3.0   00:00   ENE
14  -4.9  -1.2   00:00  -9.2   23:57  23.2   0.0   1.8   0.9   9.0   16:11    NW
15  -9.4  -5.8   16:19 -12.3   06:59  27.7   0.0   0.0   1.1   7.0   11:47   NNW
16  -9.4  -4.1   15:36 -14.8   05:19  27.7   0.0   0.0   1.0   7.0   16:55   NNW
17  -8.1  -3.1   16:06 -15.8   06:22  26.4   0.0   0.0   0.8   7.0   13:27    SW
18  -1.7   3.6   15:58  -7.9   02:20  20.0   0.0   0.0   2.5  10.0   18:10    SW
19  -1.8   0.8   16:01  -6.1   22:05  20.1   0.0   1.8   0.6   6.0   04:03    SW
20  -7.1  -3.9   03:51 -16.6   23:58  25.4   0.0   0.4   0.9   8.0   08:51   NNW
21 -11.2  -4.8   15:48 -22.6   06:43  29.5   0.0   0.0   1.6  11.0   12:33     S
22  -2.1   1.6   14:23  -4.8   00:00  20.3   0.0   2.0   1.2   7.0   15:40   SSW
23  -5.9  -1.3   16:47 -13.6   23:58  24.2   0.0   1.4   0.0   0.0   00:00     N
24  -4.9   2.0   16:51 -15.3   02:44  23.2   0.0   1.0   1.9  12.0   15:58   SSW
25  -2.8   1.5   00:08 -10.1   23:59  20.2   0.0   0.6   0.7   8.0   00:11   WNW
26  -8.8  -1.6   16:46 -17.9   08:04  27.1   0.0   1.2   0.5   7.0   12:02    NW
27  -7.3  -0.6   16:32 -15.3   08:01  25.6   0.0   0.0   0.3   6.0   03:34    NW
28  -6.9  -1.1   18:10 -12.7   06:23  25.2   0.0   0.2   0.2   4.0   14:07   NNW
29  -6.2   2.3   16:22 -16.4   07:10  24.5   0.0   0.0   0.9   9.0   15:21    SW
30  -2.6   5.8   17:57 -10.3   07:06  20.9   0.0   0.2   0.3   4.0   00:43   SSW
31  -4.1   6.0   17:24 -14.1   07:37  22.4   0.0   0.0   0.2   4.0   13:50   ESE
----------------------------------------------------------------------------------
    -6.6   6.0    31   -26.1     1   771.5   0.0  31.8   0.6  12.0    24      SW

Max >=  27.0  0
Max <=   0.0 19
Min <=   0.0 31
Min <= -18.0  5
Max Rain: 15.6 on day 13
Days of Rain: 13 (>= 0.2 mm)  3 (>= 2.0 mm)  0 (>= 20.0 mm)
Heat Base: 18.3  Cool Base: 18.3  Method: Integration