Laukaa, Finland
Kieli:  Suomi
11°C CurCond
Päivitetty18/10/2018 15:35 
 

NOAA-Style Climate Reports

Select a Year or Month report
2018: Tam Hel Maa Huh Tou Kes Hei Elo Syy Lok Mar Jou
2017: Tam Hel Maa Huh Tou Kes Hei Elo Syy Lok Mar Jou
2016: Tam Hel Maa Huh Tou Kes Hei Elo Syy Lok Mar Jou
2015: Tam Hel Maa Huh Tou Kes Hei Elo Syy Lok Mar Jou
2014: Tam Hel Maa Huh Tou Kes Hei Elo Syy Lok Mar Jou
2013: Tam Hel Maa Huh Tou Kes Hei Elo Syy Lok Mar Jou
2012: Tam Hel Maa Huh Tou Kes Hei Elo Syy Lok Mar Jou

Raportti 2017 Joulukuu
                   Monthly Climatological Summary for Dec 2017

Name: Weatherstation Vihtavuori   City: Vihtavuori, Laukaa   State: Finland
Elevation: 104 m  Lat: N 62 22 04   Lon: E 025 54 14

                  Temperature (°C), Rain (mm), Wind Speed (m/s)

                                      Heat  Cool        Avg
    Mean                              Deg   Deg         Wind                 Dom
Day Temp  High   Time   Low    Time   Days  Days  Rain  Speed High   Time    Dir
----------------------------------------------------------------------------------
01  -1.1  -0.1   00:19  -1.9   22:13  19.4   0.0   0.0   0.1   4.0   12:19   NNW
02  -1.4   0.3   19:54  -3.3   08:06  19.7   0.0   0.0   0.7   6.0   23:31     S
03   1.5   2.9   15:37   0.1   01:30  16.8   0.0   8.2   1.2   8.0   03:10     S
04  -0.5   1.0   00:00  -2.5   23:58  18.8   0.0   0.0   0.2   5.0   12:53     W
05  -2.7  -1.8   04:41  -4.1   17:57  21.0   0.0   0.0   0.4   5.0   07:05    SW
06  -2.6  -1.9   03:22  -3.4   23:26  20.9   0.0   0.0   0.1   4.0   01:35     W
07  -3.5  -2.8   19:01  -4.3   10:11  21.8   0.0   0.0   0.9   8.0   19:34     E
08  -0.4   1.7   22:27  -3.1   00:40  18.7   0.0   3.6   0.9   8.0   00:07   ESE
09   1.6   2.1   12:24   0.9   23:15  16.7   0.0   7.4   1.3   8.0   12:04    SE
10   0.2   1.1   00:00  -1.3   19:41  18.1   0.0   0.0   0.9   9.0   03:08    SE
11  -1.1  -0.3   08:52  -3.6   23:13  19.4   0.0   0.0   0.1   5.0   21:36     E
12  -2.1  -0.7   23:53  -3.5   00:00  20.4   0.0   0.0   0.6   6.0   07:09   ENE
13  -2.0   0.1   23:59  -2.9   04:21  20.3   0.0   0.0   2.4  10.0   17:06   SSW
14   0.1   1.3   01:43  -1.9   17:56  18.2   0.0   5.4   1.6   8.0   00:31   SSE
15  -2.3  -1.0   00:00  -2.7   08:54  20.6   0.0   4.0   0.7   8.0   01:15   ENE
16  -0.5   0.2   12:55  -2.3   00:00  18.8   0.0   0.2   0.0   3.0   07:10     E
17  -2.5  -0.1   00:00  -4.6   14:14  20.8   0.0   0.0   0.0   0.0   00:00     N
18  -1.2   0.2   22:48  -2.3   07:39  19.5   0.0   0.0   0.0   2.0   22:41     N
19  -1.4   0.1   00:00  -2.7   19:16  17.4   0.0   0.2   0.0   3.0   14:17   SSW
20   0.2   1.3   21:01  -1.1   00:00  18.2   0.0  15.6   1.5   8.0   14:32     S
21  -0.3   0.7   02:47  -2.0   22:54  18.6   0.0   8.6   0.5   6.0   13:08    SW
22  -1.5  -0.7   13:28  -3.2   23:59  17.2   0.0   0.0   0.4   5.0   12:42    SW
23  -2.2   0.4   18:29  -5.0   01:24  20.2   0.0   4.2   1.5   9.0   22:13   SSW
24  -3.5  -2.8   11:52  -4.4   22:04  14.9   0.0   0.0   1.4  10.0   08:23   WNW
25  -3.6  -2.5   23:54  -4.7   02:11  21.6   0.0   0.0   0.5   5.0   06:02     S
26  -3.5  -1.8   02:42  -5.2   18:39  21.8   0.0   6.8   0.2   5.0   06:58     N
27  -1.7   0.4   20:57  -4.9   00:00  20.0   0.0   7.8   0.1   6.0   03:41   ENE
28   0.2   0.9   12:24  -0.4   21:41  18.1   0.0   0.0   0.4   6.0   20:03     E
29   0.6   1.1   09:00  -0.2   00:00  17.7   0.0   4.6   0.6   7.0   06:13   ESE
30   0.1   0.5   12:21  -0.2   18:53  18.2   0.0   7.6   0.4   5.0   11:39     S
31  -1.5   0.2   00:46  -4.5   22:48  19.8   0.0   0.0   0.1   4.0   01:46   SSE
----------------------------------------------------------------------------------
    -1.2   2.9     3    -5.2    26   593.6   0.0  84.2   0.6  10.0    13     SSE

Max >=  27.0  0
Max <=   0.0 12
Min <=   0.0 29
Min <= -18.0  0
Max Rain: 15.6 on day 20
Days of Rain: 14 (>= 0.2 mm)  12 (>= 2.0 mm)  0 (>= 20.0 mm)
Heat Base: 18.3  Cool Base: 18.3  Method: Integration