Laukaa, Finland
Kieli:  Suomi
11°C CurCond
Päivitetty18/10/2018 15:35 
 

NOAA-Style Climate Reports

Select a Year or Month report
2018: Tam Hel Maa Huh Tou Kes Hei Elo Syy Lok Mar Jou
2017: Tam Hel Maa Huh Tou Kes Hei Elo Syy Lok Mar Jou
2016: Tam Hel Maa Huh Tou Kes Hei Elo Syy Lok Mar Jou
2015: Tam Hel Maa Huh Tou Kes Hei Elo Syy Lok Mar Jou
2014: Tam Hel Maa Huh Tou Kes Hei Elo Syy Lok Mar Jou
2013: Tam Hel Maa Huh Tou Kes Hei Elo Syy Lok Mar Jou
2012: Tam Hel Maa Huh Tou Kes Hei Elo Syy Lok Mar Jou

Raportti 2017 Marraskuu
                   Monthly Climatological Summary for Nov 2017

Name: Weatherstation Vihtavuori   City: Vihtavuori, Laukaa   State: Finland
Elevation: 104 m  Lat: N 62 22 04   Lon: E 025 54 14

                  Temperature (°C), Rain (mm), Wind Speed (m/s)

                                      Heat  Cool        Avg
    Mean                              Deg   Deg         Wind                 Dom
Day Temp  High   Time   Low    Time   Days  Days  Rain  Speed High   Time    Dir
----------------------------------------------------------------------------------
01  -4.5  -1.1   14:40 -10.4   23:57  22.8   0.0   0.0   0.0   2.0   10:21     W
02  -5.9  -1.3   23:54 -10.5   00:08  24.2   0.0   0.0   0.1   4.0   22:59     S
03   0.0   2.4   13:23  -2.2   03:42  18.3   0.0   1.2   1.3   8.0   14:11   SSW
04   3.1   4.4   14:11   1.6   02:43  15.2   0.0   1.2   0.1   4.0   00:42     S
05   5.4   6.8   13:44   2.9   01:01  12.9   0.0   0.8   0.1   4.0   20:36   SSE
06   5.9   7.6   13:52   2.6   23:59  12.4   0.0   0.8   1.7  11.0   15:48     S
07   1.7   4.0   13:34  -0.7   17:56  16.6   0.0   0.0   1.6  11.0   11:36   SSW
08   4.2   5.0   14:24   3.2   00:00  14.1   0.0   0.0   1.0   8.0   12:05     S
09   4.4   5.6   12:25   2.3   05:24  13.9   0.0   3.4   1.8  11.0   00:29   SSE
10   4.3   5.1   04:07   3.1   23:51  14.0   0.0   2.6   0.9   8.0   09:49     S
11   2.9   4.1   12:21   1.5   19:31  15.4   0.0   4.2   0.7   6.0   14:14   ENE
12   1.6   2.7   00:38   0.4   18:52  16.7   0.0   5.4   0.8   8.0   13:09   ENE
13   0.7   1.2   00:00  -0.1   22:29  17.6   0.0   0.6   0.1   4.0   12:37    SW
14   0.2   1.2   13:48  -0.5   08:25  18.1   0.0   0.4   0.6   7.0   12:12    SW
15  -0.5   0.3   12:33  -1.8   23:06  18.8   0.0   0.4   0.2   5.0   04:09   SSW
16   0.3   1.0   12:53  -1.7   00:21  18.0   0.0   0.4   0.4   8.0   18:04    SW
17   2.3   4.6   12:18   0.7   00:17  16.0   0.0   4.4   2.1  11.0   16:39     S
18   2.4   3.0   12:04   1.4   01:59  15.9   0.0   0.2   1.1   8.0   04:03   SSW
19   2.5   3.4   03:39   1.2   23:59  15.8   0.0   1.8   0.5   6.0   08:37     E
20   0.1   1.2   00:00  -0.8   23:43  18.2   0.0   0.2   0.0   4.0   02:11   NNE
21  -1.3  -0.4   11:54  -2.2   23:58  19.6   0.0   0.0   0.3   5.0   15:42   NNE
22  -3.9  -2.1   00:17  -5.7   21:59  22.2   0.0   0.0   1.4   6.0   01:10    NE
23  -3.9   0.3   23:37  -5.9   04:07  22.2   0.0   0.0   2.5  10.0   11:26     E
24   2.0   3.4   23:44   0.2   00:03  16.3   0.0   8.8   1.0   8.0   02:27    SE
25   1.7   3.5   00:11  -0.2   22:26  16.6   0.0   4.2   0.1   5.0   12:28     S
26   0.0   0.2   00:00  -0.3   19:21  18.3   0.0   0.0   0.0   4.0   01:40   ESE
27   1.0   1.7   15:14   0.1   03:09  17.3   0.0   4.4   0.7   8.0   21:16    SE
28   1.5   2.6   14:14   0.2   21:42  16.8   0.0   1.0   0.4   7.0   05:40   SSE
29   0.3   0.9   23:27   0.1   08:41  18.0   0.0   1.4   0.1   4.0   05:51    SE
30   0.6   1.3   08:05  -0.2   23:05  17.7   0.0   1.6   0.0   4.0   04:12   ESE
----------------------------------------------------------------------------------
     1.0   7.6     6   -10.5     2   519.9   0.0  49.4   0.7  11.0     6     SSE

Max >=  27.0  0
Max <=   0.0  4
Min <=   0.0 15
Min <= -18.0  0
Max Rain: 8.8 on day 24
Days of Rain: 22 (>= 0.2 mm)  8 (>= 2.0 mm)  0 (>= 20.0 mm)
Heat Base: 18.3  Cool Base: 18.3  Method: Integration