Laukaa, Finland
Kieli:  Suomi
11°C CurCond
Päivitetty18/10/2018 15:35 
 

NOAA-Style Climate Reports

Select a Year or Month report
2018: Tam Hel Maa Huh Tou Kes Hei Elo Syy Lok Mar Jou
2017: Tam Hel Maa Huh Tou Kes Hei Elo Syy Lok Mar Jou
2016: Tam Hel Maa Huh Tou Kes Hei Elo Syy Lok Mar Jou
2015: Tam Hel Maa Huh Tou Kes Hei Elo Syy Lok Mar Jou
2014: Tam Hel Maa Huh Tou Kes Hei Elo Syy Lok Mar Jou
2013: Tam Hel Maa Huh Tou Kes Hei Elo Syy Lok Mar Jou
2012: Tam Hel Maa Huh Tou Kes Hei Elo Syy Lok Mar Jou

Raportti 2017 Heinäkuu
                   Monthly Climatological Summary for Jul 2017

Name: Weatherstation Vihtavuori   City: Vihtavuori, Laukaa   State: Finland
Elevation: 104 m  Lat: N 62 22 04   Lon: E 025 54 14

                  Temperature (°C), Rain (mm), Wind Speed (m/s)

                                      Heat  Cool        Avg
    Mean                              Deg   Deg         Wind                 Dom
Day Temp  High   Time   Low    Time   Days  Days  Rain  Speed High   Time    Dir
----------------------------------------------------------------------------------
01  17.4  22.7   16:04  11.8   04:35   2.0   1.2   0.0   1.1   8.0   13:22   NNE
02  16.9  23.2   16:32   8.6   05:27   2.7   1.4   0.0   0.5   7.0   14:40     E
03  16.2  23.4   15:03   8.8   04:10   3.2   1.1   0.6   0.5   6.0   15:00   SSE
04  15.2  20.6   17:07  12.8   06:16   3.2   0.2   1.2   0.1   7.0   17:54     S
05  11.5  12.9   00:00   9.1   23:59   6.7   0.0   0.6   0.3   6.0   14:23   WSW
06   8.7  10.2   13:03   7.3   06:16   9.6   0.0   0.4   0.4   7.0   17:01   WSW
07  13.1  19.5   15:50   4.7   05:24   5.3   0.1   0.0   0.3   5.0   07:44   NNW
08  14.2  21.4   16:38   4.7   05:00   4.7   0.6   0.0   0.4   5.0   13:01    NE
09  14.6  22.6   17:19   5.8   05:08   4.6   0.9   0.0   0.1   4.0   10:19   NNE
10  17.1  23.6   13:29   8.1   04:53   2.8   1.6   0.0   0.3   8.0   12:53     S
11  16.8  23.0   13:05  10.7   04:44   2.5   1.0   8.2   0.1   5.0   10:39   ESE
12  16.9  18.8   13:58  15.1   00:00   1.5   0.0  12.8   0.0   4.0   01:38     E
13  14.9  18.6   15:08  10.8   05:17   3.5   0.0   1.0   0.1   5.0   18:58     S
14  12.4  16.3   16:16  10.1   04:19   5.9   0.0   6.2   0.8  10.0   11:09    SW
15  14.2  21.1   16:38   6.7   04:38   4.5   0.4   0.0   0.3   6.0   10:46     W
16  16.0  24.5   16:32   6.0   04:56   4.1   1.7   0.0   0.2   4.0   12:42   ESE
17  14.1  19.3   11:29   7.8   05:15   4.3   0.1  13.8   0.1   7.0   22:22     S
18  12.9  16.8   11:45   9.2   23:54   5.4   0.0  10.8   0.6   8.0   08:52    SW
19  10.9  14.4   17:48   7.4   03:02   7.4   0.0  14.2   0.3   6.0   14:04    SW
20  13.5  17.8   15:15  11.1   05:54   4.7   0.0   0.2   0.0   4.0   07:06    NW
21  12.9  19.4   14:41  11.1   05:35   5.3   0.0   8.4   0.1   8.0   14:54   WNW
22  13.8  18.8   13:37  10.7   04:35   4.5   0.0   7.6   0.1   5.0   15:12   NNE
23  15.7  20.9   16:08  11.9   05:27   3.0   0.4   0.0   0.3   7.0   13:26    NW
24  14.4  17.3   17:42  12.6   04:04   3.9   0.0   1.6   0.1   5.0   10:08   NNW
25  13.5  15.3   18:49  12.1   04:12   4.8   0.0   2.8   0.0   4.0   07:58   NNW
26  15.5  20.5   18:03  12.3   02:26   3.0   0.2   0.0   0.1   4.0   17:04   NNE
27  16.3  21.6   16:38  11.4   01:16   2.5   0.5   0.0   0.0   4.0   14:38   ENE
28  16.4  21.3   17:46   9.9   04:50   2.5   0.6   2.2   0.3   7.0   10:05   ENE
29  18.0  21.4   18:16  13.9   23:59   1.2   0.9   0.6   0.5   8.0   04:34     S
30  17.1  23.7   16:32   9.9   04:49   2.8   1.6   0.0   0.5   7.0   16:12    SW
31  16.5  21.9   13:54  11.4   04:45   2.3   0.5   0.0   0.1   6.0   15:12     S
----------------------------------------------------------------------------------
    14.8  24.5    16     4.7     7   124.4  15.0  93.2   0.3  10.0    14       S

Max >=  27.0  0
Max <=   0.0  0
Min <=   0.0  0
Min <= -18.0  0
Max Rain: 14.2 on day 19
Days of Rain: 18 (>= 0.2 mm)  10 (>= 2.0 mm)  0 (>= 20.0 mm)
Heat Base: 18.3  Cool Base: 18.3  Method: Integration