Laukaa, Finland
Kieli:  Suomi
11°C CurCond
Päivitetty18/10/2018 15:35 
 

NOAA-Style Climate Reports

Select a Year or Month report
2018: Tam Hel Maa Huh Tou Kes Hei Elo Syy Lok Mar Jou
2017: Tam Hel Maa Huh Tou Kes Hei Elo Syy Lok Mar Jou
2016: Tam Hel Maa Huh Tou Kes Hei Elo Syy Lok Mar Jou
2015: Tam Hel Maa Huh Tou Kes Hei Elo Syy Lok Mar Jou
2014: Tam Hel Maa Huh Tou Kes Hei Elo Syy Lok Mar Jou
2013: Tam Hel Maa Huh Tou Kes Hei Elo Syy Lok Mar Jou
2012: Tam Hel Maa Huh Tou Kes Hei Elo Syy Lok Mar Jou

Raportti 2017 Toukokuu
                   Monthly Climatological Summary for May 2017

Name: Weatherstation Vihtavuori   City: Vihtavuori, Laukaa   State: Finland
Elevation: 104 m  Lat: N 62 22 04   Lon: E 025 54 14

                  Temperature (°C), Rain (mm), Wind Speed (m/s)

                                      Heat  Cool        Avg
    Mean                              Deg   Deg         Wind                 Dom
Day Temp  High   Time   Low    Time   Days  Days  Rain  Speed High   Time    Dir
----------------------------------------------------------------------------------
01   4,2  10,4   15:59  -1,7   04:23  13,9   0,0   0,0   2,2  12,0   13:12   SSW
02   6,2  11,6   14:11   0,8   00:00  12,1   0,0   0,0   1,3   9,0   12:06   WSW
03   5,5  10,5   15:38  -0,2   05:04  12,8   0,0   0,0   1,2   8,0   09:14   NNW
04   6,8  12,6   18:00   1,7   05:51  11,4   0,0   0,0   0,6   6,0   16:21     W
05  10,5  18,9   17:07   1,2   00:46   7,8   0,0   0,0   1,4   9,0   15:08   WSW
06   7,4  10,6   02:24   0,7   23:59  10,9   0,0   0,0   1,6  10,0   10:26   NNW
07   2,2   7,2   15:51  -3,3   05:31  16,1   0,0   0,0   0,9   8,0   10:26     N
08   0,8   3,6   16:53  -2,0   05:22  17,5   0,0   1,0   0,9   9,0   15:28   NNW
09   1,7   6,1   15:55  -1,7   05:40  16,6   0,0   0,0   0,7   6,0   16:03   NNW
10   0,8   3,8   18:18  -2,1   03:22  17,5   0,0   0,0   0,6   7,0   16:48     N
11   0,4   4,6   17:34  -4,4   04:56  17,8   0,0   0,2   0,7   7,0   13:23   NNW
12   1,9   6,6   17:57  -3,9   04:33  16,4   0,0   0,0   0,8   8,0   15:02   WNW
13   2,9   7,7   16:40  -1,1   03:54  15,4   0,0   0,0   0,3   5,0   15:57    NE
14   7,1  15,2   14:12  -2,7   05:36  11,2   0,0   0,2   0,8  12,0   12:42     S
15   2,7   8,6   00:00   0,7   07:43  15,6   0,0   0,0   1,9   9,0   17:45   NNW
16   6,6  15,9   17:37  -1,9   04:48  11,7   0,0   0,0   0,6   5,0   14:41   ENE
17   7,2  11,9   11:54  -0,9   05:29  11,1   0,0   0,2   1,2  10,0   08:41     S
18  10,9  14,3   14:26   7,3   05:06   7,4   0,0   0,4   0,3   5,0   17:09   SSE
19  16,2  22,8   13:46  10,4   02:23   3,3   1,2   0,6   1,4  10,0   13:35   SSW
20  11,9  16,1   17:02   7,3   23:58   6,4   0,0   0,0   0,9   7,0   06:39   NNW
21  11,7  20,0   16:47   1,7   05:21   6,8   0,2   0,0   0,3   6,0   18:41     E
22  14,9  22,9   16:43   5,2   05:05   4,2   0,8   0,0   0,4   8,0   21:12    SW
23  14,5  19,7   15:34   8,7   05:19   3,9   0,2   0,0   0,7   7,0   13:19    NW
24  13,7  21,8   17:45   4,7   04:59   5,2   0,6   0,0   0,4   5,0   11:49     E
25  11,5  16,7   10:38   8,0   04:32   6,8   0,0   0,4   0,5   8,0   18:27     W
26   5,9   6,6   23:45   6,1   23:59   0,1   0,0   0,0   1,0   1,0   23:45    NW
27   5,8  10,6   12:20  -0,8   05:25  12,5   0,0   2,4  ----   6,0   15:48   SSE
28   9,5  17,4   19:33   4,7   05:59   8,8   0,0   0,0  ----   6,0   14:15    SE
29   7,6  10,2   17:51   3,4   23:58  10,7   0,0   0,0  ----   9,0   06:04   NNW
30   7,2  13,6   14:05  -0,5   04:26  11,1   0,0   0,0  ----   7,0   12:43   SSE
31   8,2  11,4   14:35   3,7   23:58  10,1   0,0   3,4  ----   8,0   20:11     W
----------------------------------------------------------------------------------
     7,2  22,9    22    -4,4    11   333,1   3,0   8,8   0,9  12,0     1     WNW

Max >=  27,0  0
Max <=   0,0  0
Min <=   0,0 14
Min <= -18,0  0
Max Rain: 3,4 on day 31
Days of Rain: 9 (>= 0,2 mm)  2 (>= 2,0 mm)  0 (>= 20,0 mm)
Heat Base: 18,3  Cool Base: 18,3  Method: Integration