Laukaa, Finland
Kieli:  Suomi
11°C CurCond
Päivitetty18/10/2018 15:35 
 

NOAA-Style Climate Reports

Select a Year or Month report
2018: Tam Hel Maa Huh Tou Kes Hei Elo Syy Lok Mar Jou
2017: Tam Hel Maa Huh Tou Kes Hei Elo Syy Lok Mar Jou
2016: Tam Hel Maa Huh Tou Kes Hei Elo Syy Lok Mar Jou
2015: Tam Hel Maa Huh Tou Kes Hei Elo Syy Lok Mar Jou
2014: Tam Hel Maa Huh Tou Kes Hei Elo Syy Lok Mar Jou
2013: Tam Hel Maa Huh Tou Kes Hei Elo Syy Lok Mar Jou
2012: Tam Hel Maa Huh Tou Kes Hei Elo Syy Lok Mar Jou

Raportti 2017 Maaliskuu
                   Monthly Climatological Summary for Mar 2017

Name: Weatherstation Vihtavuori   City: Vihtavuori, Laukaa   State: Finland
Elevation: 104 m  Lat: N 62 22 04   Lon: E 025 54 14

                  Temperature (°C), Rain (mm), Wind Speed (m/s)

                                      Heat  Cool        Avg
    Mean                              Deg   Deg         Wind                 Dom
Day Temp  High   Time   Low    Time   Days  Days  Rain  Speed High   Time    Dir
----------------------------------------------------------------------------------
01   1,8   2,7   15:16   0,1   23:56  16,5   0,0   0,0   1,1   8,0   06:16   SSE
02   0,5   1,7   14:03  -0,1   03:05  17,8   0,0   0,0   0,6   8,0   21:20     S
03  -0,5   1,3   12:28  -3,4   23:52  18,8   0,0   0,4   1,2   7,0   02:41   SSW
04  -5,8  -3,4   00:00  -7,9   07:57  24,1   0,0   0,0   0,5   4,0   02:57    NW
05  -6,3  -2,2   15:47 -11,2   07:23  24,6   0,0   1,2   0,4   5,0   09:03    NW
06  -9,1  -4,7   15:51 -12,2   23:56  27,4   0,0   0,4   0,1   3,0   03:03   NNE
07  -7,0  -1,5   15:58 -13,6   06:06  25,3   0,0   0,0   1,4   9,0   13:50   NNE
08  -1,3   0,7   11:27  -3,7   01:34  19,6   0,0   0,2   1,6   8,0   23:10   ESE
09  -0,5   1,8   15:10  -2,3   04:36  18,7   0,0   0,6   1,5   8,0   10:50   SSE
10   1,2   2,8   14:32   0,3   23:52  17,1   0,0   1,4   0,4   4,0   02:01     S
11  -0,3   4,4   15:14  -5,1   07:32  18,5   0,0   0,0   0,9   7,0   14:31   SSW
12   0,8   5,1   14:22  -4,4   07:27  17,5   0,0   0,0   2,0  10,0   18:49   SSW
13   1,7   6,9   14:54  -3,1   07:10  16,6   0,0   0,0   0,5   5,0   17:30     S
14   0,6   1,5   19:57  -0,2   09:17  17,7   0,0   2,0   1,9   9,0   19:58   SSE
15   2,4   4,5   17:03   0,4   00:03  15,8   0,0   1,8   2,7  13,0   15:30   SSW
16   2,4   6,4   15:00  -0,3   06:31  15,9   0,0   0,2   1,3  10,0   16:29    SW
17   1,4   2,2   13:08  -0,5   04:19  16,9   0,0   3,2   2,2   9,0   08:08   SSE
18   1,0   2,7   16:03  -4,3   23:58  17,3   0,0   1,4   1,3   6,0   09:42   SSE
19  -3,2   2,0   15:40  -7,8   06:46  21,5   0,0   0,0   0,3   4,0   10:53   NNE
20  -2,8   3,2   17:06  -6,4   23:55  21,2   0,0   0,4   0,1   4,0   14:08   ESE
21  -1,4   2,7   17:41  -7,7   02:08  19,7   0,0   1,6   0,7   8,0   17:45   ESE
22   2,3   4,9   16:21   0,5   00:28  16,0   0,0   1,8   2,2  11,0   14:21     S
23   1,2   4,4   13:15  -1,4   23:26  17,1   0,0   0,0   3,0  12,0   15:12    SW
24  -1,6   2,1   15:02  -5,6   22:07  19,9   0,0   0,0   0,9   8,0   14:12   WSW
25  -0,4   3,6   17:36  -5,5   00:00  18,7   0,0   0,6   0,1   4,0   15:53    SW
26   3,7  10,1   14:57  -4,6   02:14  14,0   0,0   0,0   2,2  13,0   18:16   WSW
27   3,9   8,0   17:18   0,4   08:02  13,9   0,0   1,6   2,1  15,0   19:29     W
28  -0,3   2,2   17:04  -3,5   23:56  18,6   0,0   0,2   1,4  10,0   11:31    NW
29  -2,8   1,4   14:26  -6,8   07:31  21,1   0,0   0,0   0,5   6,0   12:40   WNW
30  -2,7   2,8   17:14  -8,8   06:29  20,9   0,0   0,0   0,7   8,0   14:08    SW
31  -1,5   1,6   14:53  -4,6   02:22  19,8   0,0   0,4   0,0   2,0   10:57    NE
----------------------------------------------------------------------------------
    -0,7  10,1    26   -13,6     7   588,5   0,0  19,4   1,2  15,0    27     SSW

Max >=  27,0  0
Max <=   0,0  4
Min <=   0,0 26
Min <= -18,0  0
Max Rain: 3,2 on day 17
Days of Rain: 18 (>= 0,2 mm)  2 (>= 2,0 mm)  0 (>= 20,0 mm)
Heat Base: 18,3  Cool Base: 18,3  Method: Integration