Laukaa, Finland
Kieli:  Suomi
10°C CurCond
Päivitetty21/09/2018 02:40 
 

NOAA-Style Climate Reports

Select a Year or Month report
2018: Tam Hel Maa Huh Tou Kes Hei Elo Syy Lok Mar Jou
2017: Tam Hel Maa Huh Tou Kes Hei Elo Syy Lok Mar Jou
2016: Tam Hel Maa Huh Tou Kes Hei Elo Syy Lok Mar Jou
2015: Tam Hel Maa Huh Tou Kes Hei Elo Syy Lok Mar Jou
2014: Tam Hel Maa Huh Tou Kes Hei Elo Syy Lok Mar Jou
2013: Tam Hel Maa Huh Tou Kes Hei Elo Syy Lok Mar Jou
2012: Tam Hel Maa Huh Tou Kes Hei Elo Syy Lok Mar Jou

Raportti 2016 Toukokuu
                   Monthly Climatological Summary for May 2016

Name: Weatherstation Vihtavuori   City: Vihtavuori, Laukaa   State: Finland
Elevation: 104 m  Lat: N 62 22 04   Lon: E 025 54 14

                  Temperature (°C), Rain (mm), Wind Speed (m/s)

                                      Heat  Cool        Avg
    Mean                              Deg   Deg         Wind                 Dom
Day Temp  High   Time   Low    Time   Days  Days  Rain  Speed High   Time    Dir
----------------------------------------------------------------------------------
01   9,5  16,8   14:13   2,4   06:15   8,8   0,0   0,4   0,4   5,0   00:04    SE
02   9,9  16,9   17:24   1,9   06:16   8,3   0,0   0,0   1,0   8,0   15:25   SSW
03   9,5  16,0   18:24   0,1   05:56   8,8   0,0   0,0   0,8   8,0   12:02   SSW
04  12,1  21,0   16:15   6,1   06:00   8,9   0,5   0,0   0,3   5,0   16:40   NNE
05  13,5  22,1   16:04   3,4   05:34   5,5   0,8   0,0   0,3   6,0   15:54    SE
06  13,1  20,6   17:12   3,7   05:39   5,6   0,4   0,0   0,8   7,0   12:28   SSW
07  13,6  21,6   16:51   4,9   04:40   5,2   0,6   0,0   0,3   4,0   12:31   ESE
08  15,1  23,4   17:35   3,6   05:42   4,6   1,4   0,0   0,7   8,0   12:12    SW
09  15,2  20,7   16:34   7,7   23:59   3,5   0,4   0,0   0,6   7,0   12:48   WNW
10  11,9  22,2   14:04   3,0   04:15   6,8   0,4   0,8   1,1  11,0   15:12   WSW
11   7,9  12,9   16:55   2,8   23:56  10,4   0,0   2,2   1,0  13,0   10:15   NNW
12   9,3  16,4   17:12  -0,6   04:51   9,0   0,0   0,0   0,7   7,0   12:24   SSE
13  11,7  18,3   16:41   3,5   04:30   6,4   0,0   0,0   0,9   9,0   13:24    SE
14  10,6  18,4   13:05   2,4   04:47   7,7   0,0   3,4   0,4   7,0   13:01   ESE
15  11,1  13,4   16:17   8,6   23:57   7,2   0,0   5,4   0,2   4,0   00:02   NNW
16  12,0  18,9   15:13   7,3   05:09   6,3   0,0   0,0   0,4   7,0   21:52     S
17   9,5  14,3   13:17   5,4   05:06   8,7   0,0   3,6   0,8   9,0   19:29     S
18  10,2  14,8   16:11   6,6   05:15   8,1   0,0   0,0   0,6   6,0   14:49     S
19   8,3  13,2   21:05   4,7   04:13  10,0   0,0   0,0   0,0   2,0   06:59   SSW
20  12,3  19,4   16:09   3,8   04:19   6,1   0,0   0,0   0,3   6,0   17:40    NE
21  12,0  16,6   13:05   6,6   02:15   6,3   0,0   0,2   0,4   6,0   13:48   NNE
22  12,4  20,3   17:57   5,2   03:19   6,1   0,2   0,2   0,3   5,0   19:02   ESE
23  15,5  23,2   16:36   5,7   04:41   4,1   1,3   0,0   0,3   5,0   11:31     S
24  17,4  25,0   17:34   8,9   05:04   2,9   2,0   0,0   0,2   5,0   16:13    SE
25  16,4  21,1   16:25  12,2   04:21   2,3   0,4   0,0   0,6   7,0   20:00   NNW
26  12,3  14,9   00:00   9,1   23:55   6,0   0,0   1,4   1,1   9,0   17:21     N
27  10,2  13,1   17:41   8,2   05:46   8,1   0,0   0,0   0,8   7,0   00:28   NNE
28  11,9  14,1   15:50   9,9   03:53   6,4   0,0   0,0   0,1   5,0   08:28    NE
29  14,8  19,7   18:04  10,7   03:05   3,6   0,1   0,0   0,1   4,0   11:59     E
30  17,4  24,0   16:25   8,5   03:08   2,9   1,9   0,0   0,3   6,0   12:06   ESE
31  18,5  25,9   15:52   9,7   04:47   2,5   2,7   0,0   0,3   5,0   13:21   ENE
----------------------------------------------------------------------------------
    12,4  25,9    31    -0,6    12   197,1  13,1  17,6   0,5  13,0    11       S

Max >=  27,0  0
Max <=   0,0  0
Min <=   0,0  1
Min <= -18,0  0
Max Rain: 5,4 on day 15
Days of Rain: 9 (>= 0,2 mm)  4 (>= 2,0 mm)  0 (>= 20,0 mm)
Heat Base: 18,3  Cool Base: 18,3  Method: Integration