Laukaa, Finland
Kieli:  Suomi
11°C CurCond
Päivitetty18/10/2018 15:35 
 

NOAA-Style Climate Reports

Select a Year or Month report
2018: Tam Hel Maa Huh Tou Kes Hei Elo Syy Lok Mar Jou
2017: Tam Hel Maa Huh Tou Kes Hei Elo Syy Lok Mar Jou
2016: Tam Hel Maa Huh Tou Kes Hei Elo Syy Lok Mar Jou
2015: Tam Hel Maa Huh Tou Kes Hei Elo Syy Lok Mar Jou
2014: Tam Hel Maa Huh Tou Kes Hei Elo Syy Lok Mar Jou
2013: Tam Hel Maa Huh Tou Kes Hei Elo Syy Lok Mar Jou
2012: Tam Hel Maa Huh Tou Kes Hei Elo Syy Lok Mar Jou

Raportti 2015 Marraskuu
                   Monthly Climatological Summary for Nov 2015

Name: Weatherstation Vihtavuori   City: Vihtavuori, Laukaa   State: Finland
Elevation: 104 m  Lat: N 62 22 04   Lon: E 025 54 14

                  Temperature (°C), Rain (mm), Wind Speed (m/s)

                                      Heat  Cool        Avg
    Mean                              Deg   Deg         Wind                 Dom
Day Temp  High   Time   Low    Time   Days  Days  Rain  Speed High   Time    Dir
----------------------------------------------------------------------------------
01   7,7   8,9   14:18   6,4   23:44  10,6   0,0   0,2   2,9  10,0   06:38   SSW
02   8,9  13,3   13:29   5,6   04:59   9,3   0,0   0,0   2,6  11,0   14:26    SW
03   8,5  11,6   14:38   4,0   23:58   9,8   0,0   0,0   0,8   8,0   09:46    SW
04   6,6  10,2   14:05   3,1   00:31  11,7   0,0   0,0   1,1   7,0   10:08    SW
05   1,5   4,8   14:40  -1,6   08:34  16,8   0,0   0,0   0,3   4,0   01:48    SW
06   4,3   6,1   23:59   1,2   00:06  14,0   0,0   2,4   0,1   4,0   23:20   SSE
07   6,3   7,3   08:36   4,5   23:52  12,0   0,0   0,6   0,8   6,0   14:37   SSE
08   5,4   6,5   13:45   4,4   00:52  12,9   0,0   2,6   0,1   4,0   00:25   ESE
09   3,8   4,9   00:00   2,7   08:20  14,5   0,0   2,4   0,5   5,0   14:37    SE
10   4,6   4,9   12:35   4,1   23:50  13,7   0,0   8,6   0,2   5,0   00:18   ESE
11   3,2   4,1   00:00   2,6   08:46  15,1   0,0   1,4   0,0   4,0   23:13    SW
12   2,3   3,0   14:11   1,3   07:04  16,0   0,0   0,0   0,1   4,0   02:59    SW
13   1,6   4,2   23:53   0,1   09:04  16,7   0,0   0,0   0,5   7,0   23:08    SE
14   4,5   5,8   12:26   1,7   23:58  13,8   0,0   4,4   1,5   9,0   01:51   ESE
15   1,0   2,0   23:37   0,1   04:23  17,3   0,0   5,2   0,1   4,0   16:21   ENE
16   1,8   2,3   20:51   1,1   17:38  16,5   0,0   1,8   0,2   6,0   22:13    SE
17   2,1   3,8   20:35   0,6   08:48  16,2   0,0   3,4   1,2   8,0   00:49   ESE
18   3,3   3,9   11:34   2,8   05:56  15,0   0,0   2,0   0,2   4,0   03:58   ESE
19   2,3   3,0   00:00   1,7   20:57  16,0   0,0   0,2   0,0   3,0   08:30   ESE
20   0,5   1,8   00:00  -0,1   08:24  17,8   0,0   1,0   0,2   4,0   04:57   NNE
21  -0,4   0,5   00:00  -1,6   23:38  18,7   0,0   0,4   0,2   4,0   07:08   NNE
22  -2,1  -1,6   00:00  -2,7   16:32  20,4   0,0   0,0   0,0   5,0   05:50    NW
23  -3,7  -2,4   00:00  -5,0   23:56  22,0   0,0   0,0   0,0   2,0   02:50    SW
24  -3,3   0,8   23:50  -8,5   07:00  21,6   0,0   0,0   0,0   3,0   23:36   SSE
25   2,5   3,7   13:56   0,8   00:00  15,8   0,0  10,2   1,7   8,0   17:18   SSE
26   1,5   3,1   00:03   0,6   13:48  16,7   0,0   2,0   2,5   9,0   05:29     S
27   4,6   7,7   23:07   1,7   00:00  13,7   0,0   0,0   4,6  13,0   03:36   SSW
28   6,1   7,7   02:53   3,5   23:38  12,2   0,0   0,4   4,0  13,0   00:39     S
29   2,6   4,2   02:01   1,2   16:42  15,7   0,0   0,8   1,9  10,0   01:15   SSE
30   2,0   3,2   11:05   1,1   03:08  16,3   0,0   2,8   2,0  11,0   17:03   ESE
----------------------------------------------------------------------------------
     3,0  13,3     2    -8,5    24   458,8   0,0  52,8   1,0  13,0    27       S

Max >=  27,0  0
Max <=   0,0  2
Min <=   0,0  6
Min <= -18,0  0
Max Rain: 10,2 on day 25
Days of Rain: 20 (>= 0,2 mm)  11 (>= 2,0 mm)  0 (>= 20,0 mm)
Heat Base: 18,3  Cool Base: 18,3  Method: Integration