Laukaa, Finland
Kieli:  Suomi
-2°C CurCond
Päivitetty13/12/2018 05:40 
 

NOAA-Style Climate Reports


Raportti 2015 Huhtikuu
                   Monthly Climatological Summary for huhti 2015

Name: Sasema Vihtavuori   City: Vihtavuori, Laukaa   State: Finland
Elevation: 104 m  Lat: N 62° 22' 04"   Lon: E 025° 54' 14"

                  Temperature (°C), Rain (mm), Wind Speed (m/s)

                                      Heat  Cool        Avg
    Mean                              Deg   Deg         Wind                 Dom
Day Temp  High   Time   Low    Time   Days  Days  Rain  Speed High   Time    Dir
----------------------------------------------------------------------------------
 1   1,2   5,4   17:51  -1,3   23:24  17,1   0,0   0,2   0,6   5,8   05:40   SSE
 2   0,4   1,7   15:00  -1,2   00:00  17,9   0,0   0,8   0,6   5,8   16:19     N
 3   0,5   2,4   14:59  -0,9   06:11  17,9   0,0   1,6   0,1   3,6   01:03     N
 4   1,7   4,8   16:39   0,1   01:06  16,6   0,0   0,2   0,9   5,8   10:53   NNW
 5   1,6   6,6   16:23  -2,9   05:18  16,7   0,0   0,0   0,5   5,4   10:00   ENE
 6   0,5   6,0   14:34  -5,3   06:29  17,8   0,0   0,0   1,5   9,4   16:30   SSW
 7   3,1   6,1   17:38   1,4   00:00  15,2   0,0   0,0   1,9   6,7   01:49   SSW
 8   4,2   6,4   16:06   2,4   03:02  14,1   0,0   0,0   2,9  13,4   13:52   WSW
 9   5,0   9,1   14:37   1,5   03:00  13,3   0,0   0,0   2,8  12,5   19:05    SW
10   4,8   7,8   18:37   1,5   06:54  13,5   0,0   0,0   3,0  12,5   19:06    SW
11   5,5  10,5   16:43  -0,4   23:57  12,8   0,0   0,0   1,4   8,5   00:39    SW
12   5,5  15,6   14:50  -2,4   02:56  12,8   0,0   0,6   1,0   8,9   19:06   SSE
13   3,7   8,1   15:14   1,4   23:10  14,6   0,0   0,8   4,0  13,9   16:47   SSW
14   1,9   5,2   15:04  -0,4   06:51  16,4   0,0   0,4   0,9   5,8   00:23     S
15   1,8   6,3   16:23  -0,6   06:45  16,5   0,0   0,0   0,9   7,6   16:02     W
16   0,5   2,6   13:38  -1,5   07:08  17,8   0,0   1,6   0,9   5,4   09:10     W
17   2,9   6,8   18:03   0,7   00:00  15,4   0,0   0,4   1,2   8,9   12:59   NNW
18   2,5   6,1   17:36   0,7   07:17  15,8   0,0   0,0   0,8   6,7   10:25    NW
19   4,4   9,0   13:45   1,1   04:04  13,9   0,0   0,0   1,4  13,9   18:30    NW
20   4,5   8,7   13:00   0,3   05:43  13,8   0,0   0,0   1,8   9,4   13:43    NW
21   6,0  11,1   14:13   0,3   04:20  12,3   0,0   0,0   0,8   7,2   16:13    NW
22   4,6   9,5   17:14  -0,8   04:38  13,7   0,0   0,0   1,4   9,8   15:38   WSW
23   2,2   4,9   16:11  -0,4   03:59  16,1   0,0   6,2   1,5  11,2   13:54   WSW
24   1,9   6,6   16:26  -1,1   03:49  16,4   0,0   2,0   1,0   9,4   13:14    SW
25   3,4   9,9   16:50  -2,0   06:25  14,9   0,0   0,0   0,3   3,6   12:07   ENE
26   2,2   5,2   10:57  -0,9   03:07  16,1   0,0   6,2   1,0   7,6   12:03     E
27   5,8  12,4   16:19   1,9   04:08  12,5   0,0   0,6   0,9   9,4   13:42   SSE
28   7,1  11,7   17:56   1,3   23:43  11,2   0,0   0,4   0,6   7,6   15:46   WNW
29   2,5   7,0   11:56  -0,5   23:35  15,8   0,0   6,2   1,4   8,9   21:34   NNW
30   3,4  10,3   17:34  -0,5   00:00  14,9   0,0  11,8   0,9   6,7   11:27    SW
----------------------------------------------------------------------------------
     3,2  15,6    12    -5,3     6   453,8   0,0  40,0   1,3  13,9    13     WSW

Max >=  27,0:  0
Max <=   0,0:  0
Min <=   0,0: 17
Min <= -18,0:  0
Max Rain: 11,8 on day 30
Days of Rain: 16 (>= 0,2 mm)  5 (>= 2,0 mm)  0 (>= 20,0 mm)
Heat Base: 18,3  Cool Base: 18,3  Method: Integration