Laukaa, Finland
Kieli:  Suomi
-2°C CurCond
Päivitetty13/12/2018 06:00 
 

NOAA-Style Climate Reports


Raportti 2015 Maaliskuu
                   Monthly Climatological Summary for maalis 2015

Name: Sasema Vihtavuori   City: Vihtavuori, Laukaa   State: Finland
Elevation: 104 m  Lat: N 62° 22' 04"   Lon: E 025° 54' 14"

                  Temperature (°C), Rain (mm), Wind Speed (m/s)

                                      Heat  Cool        Avg
    Mean                              Deg   Deg         Wind                 Dom
Day Temp  High   Time   Low    Time   Days  Days  Rain  Speed High   Time    Dir
----------------------------------------------------------------------------------
 1   0,4   1,1   13:53  -0,1   00:00  17,9   0,0   0,0   1,7   8,9   08:49   SSE
 2   0,3   0,9   12:05  -0,3   23:45  18,0   0,0   1,4   1,4   8,5   07:11   ESE
 3   0,0   1,0   13:36  -0,6   04:06  18,4   0,0   2,6   0,2   4,5   17:47   ENE
 4   0,1   1,2   12:30  -0,3   00:00  18,2   0,0   4,6   0,4   4,5   03:34     E
 5  -0,2   0,9   16:00  -1,2   23:18  18,5   0,0   0,6   0,8   5,4   13:19   SSW
 6  -0,4   0,2   19:16  -1,2   08:27  18,8   0,0   1,8   1,2   7,2   09:05   SSE
 7   0,1   2,4   22:56  -1,7   08:16  18,2   0,0   0,6   2,6  10,3   15:06     S
 8   3,3   4,7   20:53   1,7   06:11  15,0   0,0   0,6   2,4  10,3   01:36     S
 9   3,1   6,7   14:23  -0,3   08:18  15,2   0,0   0,0   1,9   9,8   15:49    SW
10   0,8   3,7   13:06  -2,7   04:47  17,5   0,0   2,4   1,5  10,7   13:35   SSE
11   1,5   4,2   14:53  -3,4   23:54  16,8   0,0   0,4   1,5  10,3   14:30   WNW
12  -2,0   5,3   16:11  -8,2   07:43  20,3   0,0   0,0   0,4   4,0   11:48   SSE
13  -2,7   5,4   14:59  -8,7   07:14  21,0   0,0   0,0   0,3   4,9   13:11     S
14  -3,2   6,6   15:43 -10,5   06:45  21,5   0,0   0,0   0,2   3,6   14:24   SSE
15  -2,4   8,0   16:13  -9,1   06:56  20,7   0,0   0,0   0,1   2,7   12:39   ESE
16  -1,5  10,3   15:10  -9,7   07:05  19,8   0,0   0,0   0,1   4,0   14:51   SSE
17  -0,9   9,9   15:40  -8,9   07:06  19,2   0,0   0,0   0,3   5,4   13:47   SSE
18   0,0   9,6   15:04  -7,3   07:15  18,3   0,0   0,0   0,3   4,9   12:34   SSE
19   2,5   7,9   14:07  -3,7   01:07  15,8   0,0   0,0   1,6   9,8   14:18   SSW
20   0,0   2,4   14:49  -4,1   23:56  18,3   0,0   0,0   1,2   7,6   08:51   WNW
21  -5,6  -2,2   14:57  -8,8   06:25  23,9   0,0   0,0   1,6   9,4   11:28    NW
22  -7,0  -2,8   23:58 -13,1   07:10  25,3   0,0   0,0   1,3   8,9   16:32   SSE
23  -0,5   0,6   12:45  -2,8   00:00  18,8   0,0   3,6   2,0   8,5   08:21   SSW
24   0,4   2,5   10:56  -3,9   23:57  17,9   0,0   2,0   2,1   8,9   16:13   WSW
25  -5,1  -0,8   15:02  -9,7   23:59  23,4   0,0   0,6   0,8   7,2   01:42     N
26  -5,0   2,6   15:52 -13,4   06:22  23,3   0,0   0,0   1,0   7,6   15:36     E
27  -0,4   4,6   13:19  -4,8   02:18  18,7   0,0   0,0   1,8  10,3   15:05     E
28   1,5   3,6   12:51   0,1   17:01  16,8   0,0   7,2   1,0   7,2   08:24    SE
29   1,0   3,3   16:57  -0,4   07:31  16,6   0,0   0,2   1,3   7,6   20:14    SE
30  -0,3   0,9   01:18  -0,9   18:30  18,6   0,0   1,8   1,8   8,0   03:04   ESE
31   0,3   1,8   14:24  -0,8   00:00  18,0   0,0   8,0   1,6   7,6   07:41   ESE
----------------------------------------------------------------------------------
    -0,7  10,3    16   -13,4    26   588,7   0,0  38,4   1,2  10,7    10       S

Max >=  27,0:  0
Max <=   0,0:  3
Min <=   0,0: 29
Min <= -18,0:  0
Max Rain: 8,0 on day 31
Days of Rain: 16 (>= 0,2 mm)  7 (>= 2,0 mm)  0 (>= 20,0 mm)
Heat Base: 18,3  Cool Base: 18,3  Method: Integration