Laukaa, Finland
Kieli:  Suomi
-2°C CurCond
Päivitetty13/12/2018 05:40 
 

NOAA-Style Climate Reports


Raportti 2014 Lokakuu
                   Monthly Climatological Summary for loka 2014

Name: Sasema Vihtavuori   City: Vihtavuori, Laukaa   State: Finland
Elevation: 104 m  Lat: N 62° 22' 04"   Lon: E 025° 54' 14"

                  Temperature (°C), Rain (mm), Wind Speed (m/s)

                                      Heat  Cool        Avg
    Mean                              Deg   Deg         Wind                 Dom
Day Temp  High   Time   Low    Time   Days  Days  Rain  Speed High   Time    Dir
----------------------------------------------------------------------------------
 1   2,3   9,8   15:55  -3,2   08:11  16,0   0,0   0,0   0,1   3,6   15:57     S
 2   4,5  10,8   16:19  -2,5   04:10  13,8   0,0   0,2   1,0   7,6   13:25   SSW
 3   4,0   8,4   00:00   1,3   04:52  14,3   0,0   0,0   0,0   2,2   08:31     E
 4   6,5  10,2   15:09   1,3   00:00  11,8   0,0   1,0   0,1   3,6   22:19     E
 5   2,1   5,4   00:00  -1,4   06:25  16,2   0,0   0,0   0,2   4,5   14:31     E
 6   2,3   4,7   17:04  -2,0   01:24  16,0   0,0   0,0   0,2   4,5   14:50     E
 7   3,8   6,8   16:50   1,7   23:00  14,5   0,0   0,0   0,6   5,8   14:29     E
 8   3,6   6,5   23:53   0,1   06:13  14,7   0,0   4,4   0,8   6,3   10:56     E
 9   8,3  11,6   14:19   6,5   00:00  10,0   0,0   0,6   0,4   5,4   12:38   SSE
10   8,0   9,0   16:33   7,3   01:39  10,3   0,0   9,4   0,6   6,7   03:12   ENE
11   8,4  10,1   13:31   6,3   23:15   9,9   0,0   8,6   0,2   4,5   18:31    SW
12   5,0   6,3   00:00   3,7   23:59  13,3   0,0   0,2   0,1   3,1   20:13     N
13   3,4   4,1   15:36   2,6   06:14  14,9   0,0   0,8   0,0   2,2   10:01    NE
14   2,9   5,4   14:20  -0,7   23:33  15,4   0,0   0,0   0,3   5,8   22:17   NNW
15  -0,5   1,3   15:53  -1,4   22:54  18,8   0,0   0,0   1,1   6,7   21:06   NNE
16  -1,0   2,4   15:35  -4,4   23:55  19,3   0,0   0,0   0,9   6,7   15:54    NE
17  -3,5  -0,3   14:22  -7,0   06:41  21,8   0,0   0,0   0,1   4,5   16:01    NW
18  -3,1   2,3   15:52  -8,9   08:09  21,4   0,0   0,0   0,8   6,3   15:37     S
19   2,6   3,3   15:21   1,2   00:00  15,7   0,0  16,8   1,0   5,8   11:19    SE
20   1,5   3,2   00:44  -0,5   23:54  16,8   0,0   1,4   0,7   6,3   13:21   NNE
21  -2,4  -0,5   00:00  -4,9   22:32  20,7   0,0   0,0   1,6   7,6   16:49   NNE
22  -5,8  -3,3   15:36  -7,3   08:56  24,1   0,0   0,0   1,3   6,7   02:01    NE
23  -6,4  -3,4   15:21  -9,8   07:55  24,7   0,0   0,0   0,9   6,7   21:27   ESE
24  -1,2   0,7   22:50  -4,8   00:00  19,5   0,0   0,0   2,7   8,9   15:23   SSE
25   0,8   3,1   23:53  -0,8   06:10  17,5   0,0   3,0   2,2   8,5   05:08   SSE
26   5,1   8,6   23:36   3,1   00:00  13,7   0,0   0,4   1,9   8,9   00:27   SSE
27   7,7   9,6   13:09   2,5   23:26  10,6   0,0   3,6   2,4   9,4   11:16     S
28   8,9  11,4   11:21   2,6   03:27   9,3   0,0   1,0   2,1  11,2   20:52     S
29   7,9  11,2   00:05   3,2   23:52  10,4   0,0   3,4   3,4  12,1   12:05   SSW
30   3,6   5,6   13:21   1,8   23:59  14,7   0,0   0,0   2,8   9,4   14:02   SSW
31   0,0   2,5   14:52  -4,0   23:46  18,3   0,0   0,0   0,3   4,9   02:31    SW
----------------------------------------------------------------------------------
     2,6  11,6     9    -9,8    23   488,4   0,0  54,8   1,0  12,1    29     SSE

Max >=  27,0:  0
Max <=   0,0:  4
Min <=   0,0: 16
Min <= -18,0:  0
Max Rain: 16,8 on day 19
Days of Rain: 15 (>= 0,2 mm)  7 (>= 2,0 mm)  0 (>= 20,0 mm)
Heat Base: 18,3  Cool Base: 18,3  Method: Integration