Laukaa, Finland
Kieli:  Suomi
-2°C CurCond
Päivitetty13/12/2018 07:00 
 

NOAA-Style Climate Reports


Raportti 2014 Elokuu
                   Monthly Climatological Summary for elo 2014

Name: Sasema Vihtavuori   City: Vihtavuori, Laukaa   State: Finland
Elevation: 104 m  Lat: N 62° 22' 04"   Lon: E 025° 54' 14"

                  Temperature (°C), Rain (mm), Wind Speed (m/s)

                                      Heat  Cool        Avg
    Mean                              Deg   Deg         Wind                 Dom
Day Temp  High   Time   Low    Time   Days  Days  Rain  Speed High   Time    Dir
----------------------------------------------------------------------------------
 1  18,9  25,6   16:58  11,8   04:39   1,8   2,4   0,0   1,1   9,8   17:49   SSW
 2  20,0  26,3   18:01  13,4   02:24   1,2   2,9   0,0   0,9   6,7   13:28   SSW
 3  19,2  26,0   17:34  12,8   05:06   1,6   2,5   0,0   0,1   4,5   20:03     E
 4  21,6  29,3   16:38  13,4   05:15   1,2   4,6   0,0   0,4   6,3   16:03     E
 5  21,8  30,2   16:32  13,2   05:47   1,2   4,7   0,0   0,5   5,4   14:28   ESE
 6  21,2  29,4   14:44  12,1   06:02   1,5   4,4   0,0   0,5   5,8   13:09     E
 7  20,3  29,8   15:22  12,7   05:54   1,5   3,4   0,4   0,5  10,3   18:08    SE
 8  18,9  25,8   16:43  13,6   05:16   1,3   2,0   0,0   0,3   5,8   10:32   SSW
 9  18,5  23,7   18:47  12,1   05:33   1,7   1,9   0,0   0,5   6,7   16:27   SSW
10  18,3  24,6   14:34  11,9   05:52   1,9   1,9   0,0   0,8   7,6   15:34   SSW
11  19,6  25,6   15:32  13,8   06:26   1,3   2,6   0,8   0,4   5,8   16:59    SE
12  18,0  22,4   17:07  11,4   23:57   1,0   0,7   2,2   1,1   8,9   18:32   SSW
13  13,4  20,8   13:42   7,1   05:36   5,0   0,2   2,2   0,7   9,8   15:43   SSW
14  14,2  20,4   13:54   8,4   03:56   4,3   0,3   0,8   0,5   9,8   19:05     S
15  15,3  20,8   17:16  10,9   07:17   3,3   0,3   0,6   0,7   9,8   15:40    SW
16  14,5  21,4   17:16   8,6   06:29   4,2   0,4   0,0   0,2   4,9   15:41   WSW
17  12,9  19,4   17:47   7,2   05:04   5,5   0,0   0,0   0,1   2,7   12:11    NW
18  12,1  18,9   16:11   6,5   05:48   6,3   0,0   2,8   0,7   8,9   17:08    SE
19  13,8  16,1   12:30  12,7   04:23   4,5   0,0   2,2   0,9   6,7   14:44    SE
20  13,4  17,9   14:51  11,1   05:28   5,0   0,0   0,4   1,1   8,9   15:18   SSE
21  13,4  18,1   14:01  10,6   03:26   4,9   0,0   1,6   0,8   8,9   12:47   SSW
22  12,9  18,1   15:53   6,7   06:33   5,4   0,0   0,2   0,6   7,2   20:36   SSW
23  13,3  18,1   17:25   8,8   02:03   5,0   0,0   0,0   0,7   6,3   06:14   SSW
24  12,2  18,1   14:06   8,1   04:45   6,1   0,0   1,0   0,3   7,2   17:46    SE
25  10,4  14,3   11:57   5,0   05:56   7,9   0,0   3,2   0,3   5,8   17:20   NNE
26  12,7  15,1   11:07  11,8   04:57   5,6   0,0   6,6   0,6   6,7   04:25   NNW
27  12,8  15,9   15:45  11,2   03:14   5,5   0,0   2,6   0,6   7,6   14:39    NW
28  13,3  18,2   14:24  10,9   06:05   5,0   0,0   1,8   0,5   6,7   16:14   NNW
29  10,7  12,8   14:17   8,4   23:49   7,6   0,0   1,8   0,6   6,3   06:05    NW
30   9,6  14,1   15:09   6,1   07:29   8,7   0,0   0,0   0,3   4,9   17:15   NNW
31   8,3  12,4   16:17   2,1   06:31  10,0   0,0   0,0   0,1   4,0   16:26    NE
----------------------------------------------------------------------------------
    15,3  30,2     5     2,1    31   127,0  35,2  31,2   0,6  10,3     7       S

Max >=  27,0:  4
Max <=   0,0:  0
Min <=   0,0:  0
Min <= -18,0:  0
Max Rain: 6,6 on day 26
Days of Rain: 17 (>= 0,2 mm)  7 (>= 2,0 mm)  0 (>= 20,0 mm)
Heat Base: 18,3  Cool Base: 18,3  Method: Integration