Laukaa, Finland
Kieli:  Suomi
-2°C CurCond
Päivitetty13/12/2018 06:30 
 

NOAA-Style Climate Reports


Raportti 2013 Marraskuu
                   Monthly Climatological Summary for marras 2013

Name: Sasema Vihtavuori   City: Vihtavuori, Laukaa   State: Finland
Elevation: 104 m  Lat: N 62° 22' 04"   Lon: E 025° 54' 14"

                  Temperature (°C), Rain (mm), Wind Speed (km/h)

                                      Heat  Cool        Avg
    Mean                              Deg   Deg         Wind                 Dom
Day Temp  High   Time   Low    Time   Days  Days  Rain  Speed High   Time    Dir
----------------------------------------------------------------------------------
 1   5,3   6,8   13:17   2,7   20:18  12,7   0,0   2,8   3,5  33,8   23:37    SW
 2   4,2   5,1   12:39   1,7   23:32  13,8   0,0   0,6   5,0  29,0   07:47   WSW
 3   1,7   3,7   14:20   0,3   20:23  16,3   0,0   0,0   1,4  27,4   23:13    SE
 4   1,6   2,8   05:31  -0,4   22:01  16,4   0,0   9,2   3,8  27,4   04:07   ESE
 5   3,1   4,8   17:31  -0,2   00:00  14,9   0,0   6,0   5,6  43,5   22:36     S
 6   2,2   4,0   00:00  -1,1   18:49  15,8   0,0   0,8   7,2  51,5   00:08   WSW
 7   1,1   1,6   05:00   0,6   00:00  16,9   0,0   1,0   0,3   9,7   11:34   WSW
 8   2,3   3,3   12:15   1,2   00:00  15,7   0,0   1,0   1,9  17,7   20:01   SSW
 9   4,0   5,9   13:34   1,6   00:00  14,0   0,0   0,4   2,6  17,7   13:03     S
10   2,4   4,6   11:35   0,8   03:21  15,6   0,0   4,2   7,7  43,5   15:15    SW
11  -0,8   1,9   00:38  -3,8   21:46  18,8   0,0   0,0   3,9  27,4   00:47     W
12   2,3   4,4   16:02  -2,7   00:00  15,7   0,0   1,0   8,5  37,0   11:35    SW
13   3,6   4,9   04:18   1,7   18:20  14,4   0,0   0,8   6,6  30,6   06:20   WSW
14   1,1   2,1   04:59  -0,7   21:41  16,9   0,0   0,0   1,9  19,3   06:05     W
15   1,9   4,6   19:23  -0,7   00:00  16,0   0,0   2,8   4,7  35,4   21:05    SW
16   4,7   5,9   19:08   4,1   00:58  13,3   0,0   0,6   8,3  33,8   01:54   WSW
17   3,3   6,1   03:41  -0,6   23:32  14,8   0,0   0,0  11,7  62,8   10:31     W
18   1,2   4,7   16:08  -4,1   06:16  16,8   0,0   0,2   9,2  46,7   15:55    SW
19   2,8   4,8   19:07   0,6   06:31  15,2   0,0   6,0   6,8  29,0   00:17   SSW
20   0,2   4,7   00:12  -4,8   23:29  17,8   0,0   2,2   2,6  33,8   05:00   WSW
21  -2,7  -0,3   22:57  -5,2   01:07  20,7   0,0   0,0   1,3  17,7   12:25   ENE
22   0,2   2,4   10:59  -1,6   23:55  17,8   0,0   3,4   2,3  17,7   14:22   WSW
23  -1,0   0,1   18:31  -2,7   06:09  19,0   0,0   0,0   7,3  32,2   12:51    SW
24  -2,5  -0,6   00:00  -6,0   17:03  20,5   0,0   0,0   5,8  27,4   00:45   WSW
25  -4,5  -2,2   00:16  -7,4   23:13  22,5   0,0   0,0   1,4  12,9   06:47     W
26  -5,0  -0,2   23:18  -9,1   08:06  23,0   0,0   0,0   5,8  37,0   23:50    SW
27   1,6   4,4   20:04  -0,6   08:58  16,4   0,0   1,0  10,4  41,8   20:16   WSW
28   1,4   3,6   00:00  -1,2   17:18  16,6   0,0   0,0  10,2  56,3   05:03    NW
29  -4,7  -0,7   00:00  -6,7   09:46  22,7   0,0   0,0   3,3  40,2   00:31     N
30  -4,3  -1,5   15:17  -7,3   23:59  22,3   0,0   0,0   5,8  30,6   09:43   WSW
----------------------------------------------------------------------------------
     0,9   6,8     1    -9,1    26   513,3   0,0  44,0   5,2  62,8    17     WSW

Max >=  27,0:  0
Max <=  32,0: 30
Min <= -18,0:  0
Min <= -27,0:  0
Max Rain: 9,2 on day 4
Days of Rain: 18 (>= 0,2 mm)  8 (>= 2,0 mm)  0 (>= 20,0 mm)
Heat Base: 18,0  Cool Base: 18,0  Method: Integration