Laukaa, Finland
Kieli:  Suomi
11°C CurCond
Päivitetty18/10/2018 15:35 
 

NOAA-Style Climate Reports

Select a Year or Month report
2018: Tam Hel Maa Huh Tou Kes Hei Elo Syy Lok Mar Jou
2017: Tam Hel Maa Huh Tou Kes Hei Elo Syy Lok Mar Jou
2016: Tam Hel Maa Huh Tou Kes Hei Elo Syy Lok Mar Jou
2015: Tam Hel Maa Huh Tou Kes Hei Elo Syy Lok Mar Jou
2014: Tam Hel Maa Huh Tou Kes Hei Elo Syy Lok Mar Jou
2013: Tam Hel Maa Huh Tou Kes Hei Elo Syy Lok Mar Jou
2012: Tam Hel Maa Huh Tou Kes Hei Elo Syy Lok Mar Jou

Raportti 2013 Lokakuu
                   Monthly Climatological Summary for loka 2013

Name: Sasema Vihtavuori   City: Vihtavuori, Laukaa   State: Finland
Elevation: 104 m  Lat: N 62° 22' 04"   Lon: E 025° 54' 14"

                  Temperature (°C), Rain (mm), Wind Speed (km/h)

                                      Heat  Cool        Avg
    Mean                              Deg   Deg         Wind                 Dom
Day Temp  High   Time   Low    Time   Days  Days  Rain  Speed High   Time    Dir
----------------------------------------------------------------------------------
 1   2,5   4,6   14:31   0,9   23:58  15,5   0,0   0,0   0,9  16,1   14:00     N
 2   2,1   6,3   17:50  -3,3   05:39  15,9   0,0   0,2   2,8  19,3   18:54   WSW
 3   5,6  10,0   15:58   0,6   23:23  12,4   0,0   0,0   3,0  19,3   08:28   WSW
 4   5,3  11,6   16:32  -0,4   05:49  12,7   0,0   0,0   5,8  35,4   15:14   WSW
 5   8,4  12,1   15:30   5,5   01:14   9,6   0,0   0,0   8,7  38,6   02:07    SW
 6   9,2  11,8   15:47   8,4   01:54   8,8   0,0   0,6   5,8  27,4   11:00   WSW
 7   9,6  14,1   14:23   5,0   23:25   8,4   0,0   0,0   5,5  27,4   12:26   WSW
 8   7,3  12,6   13:39   1,6   07:58  10,7   0,0   0,2   0,7  11,3   17:43   SSW
 9  10,7  11,9   12:18   9,2   00:00   7,2   0,0   3,0   2,6  25,7   14:48    SW
10   7,0  10,4   00:00   3,6   08:46  10,9   0,0   0,8   1,1  12,9   00:00   WSW
11   4,7   9,4   15:41   0,4   08:43  13,3   0,0   0,0   2,4  30,6   13:57     W
12   3,6   8,0   16:54  -1,5   07:22  14,4   0,0   0,0   1,6  19,3   13:22   WSW
13   4,3   8,9   12:06  -3,9   23:48  13,7   0,0   0,0   4,8  40,2   12:30   NNW
14   0,1   5,7   14:22  -5,7   05:20  17,9   0,0   0,0   3,2  22,5   23:04   WSW
15   5,6   8,1   15:09   0,2   22:48  12,4   0,0   0,0   4,7  25,7   20:18     W
16  -0,2   3,6   15:31  -4,4   22:15  18,2   0,0   0,0   1,8  19,3   05:36     N
17  -1,2   2,5   14:03  -4,3   00:00  19,2   0,0   0,6   1,1  16,1   15:22    SE
18  -0,6   0,1   14:16  -1,7   22:20  18,6   0,0   0,4   4,1  38,6   11:37   NNW
19  -1,6   0,9   15:12  -4,5   04:01  19,6   0,0   0,0   6,1  37,0   12:37     W
20  -2,4   1,7   15:30  -5,3   07:46  20,4   0,0   0,0   4,7  24,1   12:23   WSW
21  -2,2   0,3   14:11  -4,7   08:50  20,2   0,0   0,0   1,1  14,5   12:54   NNW
22  -0,7   1,8   15:34  -2,3   05:58  18,7   0,0   0,0   3,2  25,7   23:19   SSW
23   4,3   8,7   23:58  -0,7   01:50  13,7   0,0  10,8   8,5  33,8   15:21   SSW
24   9,5  11,3   15:10   7,6   23:53   8,5   0,0   1,0   5,8  29,0   00:07    SW
25   5,0   7,6   00:00   2,6   23:48  12,9   0,0   0,6   4,2  25,7   14:28   WSW
26   2,6   5,2   23:50  -0,3   09:04  15,4   0,0   2,4   2,9  17,7   00:29    SW
27   6,7   8,2   05:47   5,2   00:00  11,8   0,0   5,0   3,7  29,0   05:42   WSW
28   8,6   9,7   11:05   7,8   00:00   9,4   0,0   5,4   5,2  25,7   14:41   SSW
29   6,5   7,9   12:39   4,3   23:31  11,5   0,0   6,6   7,0  45,1   19:29   WSW
30   3,5   5,8   14:34   0,2   21:58  14,4   0,0   0,0   8,1  33,8   13:33   WSW
31   1,7   5,1   23:54  -0,8   07:58  16,3   0,0   0,2   5,4  29,0   10:18   WSW
----------------------------------------------------------------------------------
     4,0  14,1     7    -5,7    14   432,6   0,0  37,8   4,1  45,1    29     WSW

Max >=  27,0:  0
Max <=  32,0: 31
Min <= -18,0:  0
Min <= -27,0:  0
Max Rain: 10,8 on day 23
Days of Rain: 15 (>= 0,2 mm)  6 (>= 2,0 mm)  0 (>= 20,0 mm)
Heat Base: 18,0  Cool Base: 18,0  Method: Integration