Laukaa, Finland
Kieli:  Suomi
10°C CurCond
Päivitetty21/09/2018 03:10 
 

NOAA-Style Climate Reports

Select a Year or Month report
2018: Tam Hel Maa Huh Tou Kes Hei Elo Syy Lok Mar Jou
2017: Tam Hel Maa Huh Tou Kes Hei Elo Syy Lok Mar Jou
2016: Tam Hel Maa Huh Tou Kes Hei Elo Syy Lok Mar Jou
2015: Tam Hel Maa Huh Tou Kes Hei Elo Syy Lok Mar Jou
2014: Tam Hel Maa Huh Tou Kes Hei Elo Syy Lok Mar Jou
2013: Tam Hel Maa Huh Tou Kes Hei Elo Syy Lok Mar Jou
2012: Tam Hel Maa Huh Tou Kes Hei Elo Syy Lok Mar Jou

Raportti 2013 Syyskuu
                   Monthly Climatological Summary for syys 2013

Name: Sasema Vihtavuori   City: Vihtavuori, Laukaa   State: Finland
Elevation: 104 m  Lat: N 62° 22' 04"   Lon: E 025° 54' 14"

                  Temperature (°C), Rain (mm), Wind Speed (km/h)

                                      Heat  Cool        Avg
    Mean                              Deg   Deg         Wind                 Dom
Day Temp  High   Time   Low    Time   Days  Days  Rain  Speed High   Time    Dir
----------------------------------------------------------------------------------
 1  11,0  14,1   11:18   6,3   02:02   7,0   0,0  15,0   1,4  30,6   23:05    SE
 2  10,6  15,7   15:43   5,8   06:30   7,4   0,0   0,0   0,9  14,5   00:05     N
 3  12,7  19,2   16:05   7,2   01:47   5,4   0,1   0,0   1,1  14,5   10:05    NE
 4  11,6  19,2   17:46   5,2   05:25   6,5   0,0   0,0   0,5  19,3   18:01    SW
 5  12,5  20,2   17:21   5,6   06:22   5,8   0,3   0,0   0,9  12,9   14:03   SSE
 6  11,9  19,3   15:51   5,9   05:35   6,2   0,1   0,0   1,8  19,3   16:58     S
 7  11,5  18,3   17:17   5,4   06:46   6,5   0,0   0,0   2,8  24,1   09:18     W
 8  13,5  20,4   16:21   7,0   06:56   4,9   0,4   0,0   0,7  12,9   15:05    NE
 9  12,2  17,3   15:31   6,9   23:59   5,8   0,0   0,0   1,3  20,9   16:24     E
10   9,3  16,1   14:07   3,3   06:13   8,7   0,0   0,0   1,7  17,7   12:48   ESE
11  11,0  15,1   18:11   5,4   00:00   7,0   0,0   1,0   1,0  19,3   17:08     S
12  12,7  17,7   15:01   9,1   23:55   5,3   0,0   1,6   0,6  14,5   15:06   SSE
13  12,3  18,7   16:14   8,6   00:31   5,7   0,0   0,2   0,5  11,3   15:51     S
14  12,0  19,4   14:59   7,4   06:49   6,1   0,2   0,0   0,9  16,1   13:11   SSW
15  10,4  16,8   13:24   5,3   06:20   7,6   0,0   0,0   1,4  19,3   12:54   SSE
16  11,6  16,4   15:50   7,8   03:00   6,4   0,0   0,0   2,3  29,0   17:07   ESE
17  11,5  15,9   17:28   7,1   04:19   6,5   0,0   0,0   2,7  22,5   16:22   ESE
18  13,6  17,3   16:00  11,8   04:22   4,4   0,0   0,0   4,8  29,0   13:48   ESE
19  13,4  15,8   13:48  11,9   23:30   4,6   0,0   5,4   4,4  27,4   09:08   ESE
20  12,5  15,6   13:12  11,3   05:53   5,5   0,0   0,4   2,7  20,9   10:03   ESE
21  12,1  13,7   16:55  11,0   23:55   5,9   0,0   5,4   0,7  11,3   12:05    SE
22   8,2  11,4   15:25   6,3   21:10   9,8   0,0   3,0   1,9  16,1   12:40     W
23   7,2   8,8   11:55   4,6   21:17  10,8   0,0   4,2   4,0  29,0   13:06   NNE
24   5,1   7,6   15:46   2,6   23:10  12,9   0,0   0,2   4,8  29,0   11:46   NNE
25   2,0   5,2   13:50   0,6   21:34  16,0   0,0   0,8   4,6  40,2   13:57     N
26   2,9   6,0   21:47   0,8   00:00  15,1   0,0   4,2   3,6  22,5   13:02     N
27   5,6   7,8   13:44   4,2   20:38  12,4   0,0   1,4   1,8  17,7   00:06   NNE
28   5,8   8,4   14:15   3,4   02:56  12,2   0,0   0,4   2,1  22,5   17:30   NNE
29   3,0   4,9   00:00  -2,1   23:26  15,0   0,0   0,0   2,0  19,3   11:29   NNE
30   1,6   4,8   13:00  -1,8   00:00  16,4   0,0   0,6   1,6  24,1   11:38     N
----------------------------------------------------------------------------------
     9,7  20,4     8    -2,1    29   249,8   1,1  43,8   2,1  40,2    25     ENE

Max >=  27,0:  0
Max <=  32,0: 30
Min <= -18,0:  0
Min <= -27,0:  0
Max Rain: 15,0 on day 1
Days of Rain: 15 (>= 0,2 mm)  6 (>= 2,0 mm)  0 (>= 20,0 mm)
Heat Base: 18,0  Cool Base: 18,0  Method: Integration