Laukaa, Finland
Kieli:  Suomi
-2°C CurCond
Päivitetty21/11/2018 20:30 
 

NOAA-Style Climate Reports

Select a Year or Month report
2018: Tam Hel Maa Huh Tou Kes Hei Elo Syy Lok Mar Jou
2017: Tam Hel Maa Huh Tou Kes Hei Elo Syy Lok Mar Jou
2016: Tam Hel Maa Huh Tou Kes Hei Elo Syy Lok Mar Jou
2015: Tam Hel Maa Huh Tou Kes Hei Elo Syy Lok Mar Jou
2014: Tam Hel Maa Huh Tou Kes Hei Elo Syy Lok Mar Jou
2013: Tam Hel Maa Huh Tou Kes Hei Elo Syy Lok Mar Jou
2012: Tam Hel Maa Huh Tou Kes Hei Elo Syy Lok Mar Jou

Raportti 2013 Elokuu
                   Monthly Climatological Summary for elo 2013

Name: Sasema Vihtavuori   City: Vihtavuori, Laukaa   State: Finland
Elevation: 104 m  Lat: N 62° 22' 04"   Lon: E 025° 54' 14"

                  Temperature (°C), Rain (mm), Wind Speed (km/h)

                                      Heat  Cool        Avg
    Mean                              Deg   Deg         Wind                 Dom
Day Temp  High   Time   Low    Time   Days  Days  Rain  Speed High   Time    Dir
----------------------------------------------------------------------------------
 1  16,3  21,4   11:55  14,3   03:53   2,1   0,4   4,4   0,6  16,1   14:55   ENE
 2  17,5  22,6   16:41  14,2   03:20   1,6   1,1   3,8   2,6  19,3   12:50     N
 3  18,0  24,7   18:08  12,8   03:59   1,8   1,8   0,0   1,1  14,5   15:32     N
 4  18,8  26,6   15:45  10,4   05:17   2,2   3,0   0,0   1,6  19,3   14:19     S
 5  17,2  21,3   15:04  13,5   02:47   1,5   0,7   1,4   1,1  14,5   04:52     S
 6  17,2  24,2   17:57   8,7   05:59   2,8   2,0   0,0   1,3  19,3   13:38   SSW
 7  17,7  25,4   14:47  10,4   05:19   2,3   2,0   1,8   1,9  25,7   18:04     S
 8  18,1  20,8   16:46  16,2   05:59   0,6   0,7   0,6   0,5  12,9   13:57    SE
 9  17,8  19,9   16:42  15,7   02:20   0,7   0,5   6,8   1,7  19,3   13:23     W
10  14,6  16,5   16:59  13,0   06:07   3,4   0,0   0,0   0,9  14,5   00:08     N
11  15,0  19,2   16:50  10,9   23:59   3,1   0,1   0,2   1,0  16,1   17:57     N
12  13,7  19,2   12:30   8,6   03:41   4,4   0,0   2,6   0,9  17,7   16:07   SSW
13  13,8  19,9   13:45   9,3   23:59   4,3   0,1   0,4   2,0  22,5   13:36    SW
14  11,5  12,9   09:40   8,1   02:17   6,5   0,0  20,0   2,3  33,8   14:59     N
15  13,2  16,9   16:16  11,8   03:57   4,7   0,0   6,0   2,8  22,5   18:31   WNW
16  15,2  20,9   17:40  11,8   23:55   3,2   0,4   0,0   4,5  30,6   15:48     W
17  13,3  17,7   13:58   7,2   05:33   4,7   0,0   8,4   2,5  29,0   14:23   SSW
18  17,1  22,1   17:14  14,4   04:50   1,6   0,7   0,2   2,4  20,9   17:20   SSW
19  16,1  20,3   17:31   9,8   23:38   2,1   0,2   3,4   2,4  25,7   16:12   SSW
20  14,3  22,2   16:53   7,6   05:09   4,4   0,7   0,0   1,8  24,1   13:27   WSW
21  14,4  21,2   16:52   9,1   04:29   4,1   0,5   0,0   1,5  17,7   12:34   WSW
22  14,0  18,7   17:03   8,3   23:54   4,0   0,0   0,0   1,9  24,1   17:04    NW
23  11,4  17,6   16:45   5,4   05:11   6,6   0,0   0,0   1,6  27,4   15:22     N
24  10,7  17,8   17:17   4,6   05:24   7,3   0,0   0,0   1,1  14,5   14:03    NE
25  12,6  21,6   17:53   4,4   05:37   5,4   0,0   0,0   0,9  16,1   11:20    NW
26  14,5  22,2   15:34   8,8   04:29   3,5   0,0   0,0   0,9  14,5   16:36     W
27  14,2  22,6   14:43   5,3   06:04   4,9   1,2   0,0   3,8  25,7   12:54   WSW
28  14,5  21,5   16:56   6,7   05:05   4,2   0,7   0,0   3,6  38,6   15:14   WSW
29  12,4  17,3   13:08   6,9   22:30   5,6   0,0   0,0   2,1  27,4   17:13     W
30  10,4  17,1   14:52   5,2   03:00   7,6   0,0   0,0   0,6  16,1   14:41    NW
31  10,7  18,7   16:08   3,8   03:48   7,3   0,0   0,0   1,1  17,7   12:23   SSE
----------------------------------------------------------------------------------
    14,7  26,6     4     3,8    31   118,5  16,8  60,0   1,8  38,6    28     WSW

Max >=  27,0:  0
Max <=  32,0: 31
Min <= -18,0:  0
Min <= -27,0:  0
Max Rain: 20,0 on day 14
Days of Rain: 14 (>= 0,2 mm)  8 (>= 2,0 mm)  1 (>= 20,0 mm)
Heat Base: 18,0  Cool Base: 18,0  Method: Integration