Laukaa, Finland
Kieli:  Suomi
10°C CurCond
Päivitetty21/09/2018 02:40 
 

NOAA-Style Climate Reports

Select a Year or Month report
2018: Tam Hel Maa Huh Tou Kes Hei Elo Syy Lok Mar Jou
2017: Tam Hel Maa Huh Tou Kes Hei Elo Syy Lok Mar Jou
2016: Tam Hel Maa Huh Tou Kes Hei Elo Syy Lok Mar Jou
2015: Tam Hel Maa Huh Tou Kes Hei Elo Syy Lok Mar Jou
2014: Tam Hel Maa Huh Tou Kes Hei Elo Syy Lok Mar Jou
2013: Tam Hel Maa Huh Tou Kes Hei Elo Syy Lok Mar Jou
2012: Tam Hel Maa Huh Tou Kes Hei Elo Syy Lok Mar Jou

Raportti 2013 Heinäkuu
                   Monthly Climatological Summary for hein 2013

Name: Sasema Vihtavuori   City: Vihtavuori, Laukaa   State: Finland
Elevation: 104 m  Lat: N 62° 22' 04"   Lon: E 025° 54' 14"

                  Temperature (°C), Rain (mm), Wind Speed (km/h)

                                      Heat  Cool        Avg
    Mean                              Deg   Deg         Wind                 Dom
Day Temp  High   Time   Low    Time   Days  Days  Rain  Speed High   Time    Dir
----------------------------------------------------------------------------------
 1  15,5  16,4   00:00  14,4   23:52   0,0   2,8  18,8   0,7  12,9   06:48   WNW
 2  15,4  19,9   16:05  12,8   06:17   0,0   2,9   3,4   3,2  27,4   13:39    SW
 3  16,2  21,3   15:34  12,1   23:56   0,0   2,1   0,6   2,7  30,6   13:00    SW
 4  14,9  21,8   14:38   7,3   02:55   3,4   0,4   0,0   1,7  19,3   07:26   SSE
 5  19,1  24,6   14:46  13,9   05:21   1,2   2,1   1,0   1,5  20,9   13:54   SSE
 6  16,8  19,8   19:17  14,4   06:23   1,7   0,2   0,0   1,4  20,9   14:15   WNW
 7  18,4  24,3   16:46  11,4   03:59   1,9   2,0   0,0  ----  17,7   17:40    NW
 8  15,3  20,2   15:43  10,5   23:59   3,1   0,1   0,0   3,0  24,1   14:37   NNW
 9  14,9  20,6   16:34   9,1   02:58   3,7   0,3   0,0   3,3  24,1   11:15     W
10  14,6  18,2   18:29  11,5   05:00   3,7   0,0   3,2   1,1  17,7   15:24    NW
11  14,7  20,1   16:34   9,4   04:06   3,7   0,2   0,0   2,1  17,7   01:56    NW
12  15,0  22,1   16:08   6,1   04:00   4,1   0,8   0,0   1,5  16,1   13:43   NNW
13  16,3  23,5   17:26   8,1   04:37   3,2   1,3   0,0   1,2  16,1   16:57   SSE
14  16,6  24,2   15:08  10,4   04:06   2,9   1,1   0,6   2,8  29,0   17:17   WSW
15  14,5  19,8   15:55   8,3   05:05   3,9   0,1   0,0   1,8  16,1   10:30     W
16  11,6  14,5   00:09   9,3   12:10   6,7   0,0   4,6   7,0  43,5   10:41     W
17  12,2  16,2   16:38   8,4   23:55   6,1   0,0   1,0   4,6  33,8   09:26    NW
18  10,8  15,8   14:38   6,5   03:21   7,5   0,0   4,8   2,7  33,8   15:08   WSW
19  11,2  14,0   11:27   8,8   03:09   6,7   0,0   6,0   4,3  32,2   17:23   WNW
20  13,5  18,2   14:37   9,4   23:56   4,5   0,0   0,0   4,0  30,6   12:08     N
21  11,3  16,2   15:37   7,0   04:11   6,7   0,0   2,8   1,1  17,7   17:03   NNW
22  12,6  14,9   18:24   9,6   02:58   5,4   0,0   2,2   6,3  41,8   20:54     N
23  16,1  19,3   19:28  13,5   02:35   2,1   0,2   0,0   5,2  32,2   04:19   NNE
24  16,7  21,6   17:22  13,8   03:30   2,0   0,7   0,0   3,1  22,5   15:10    NE
25  17,6  24,2   16:36  10,2   04:49   2,3   1,9   0,0   2,2  16,1   09:55   ENE
26  17,6  25,8   16:59   8,2   05:07   3,0   2,5   0,0   1,7  19,3   11:17   ENE
27  18,1  25,8   16:53   8,7   04:46   2,8   2,9   0,0   1,4  17,7   14:53   ENE
28  17,9  25,7   17:06   9,8   04:31   2,4   2,3   0,0   1,1  17,7   12:37    SE
29  18,1  24,9   14:04  10,2   04:35   2,1   2,2   0,0   1,5  20,9   12:57   SSE
30  18,0  21,0   18:12  15,2   05:33   0,8   0,8   0,2   2,4  19,3   15:09   ESE
31  17,5  19,4   16:47  15,3   03:42   0,7   0,2   0,8   2,2  20,9   08:52   SSE
----------------------------------------------------------------------------------
    15,5  25,8    26     6,1    12    98,3  30,1  50,0   2,6  43,5    16      NW

Max >=  27,0:  0
Max <=  32,0: 31
Min <= -18,0:  0
Min <= -27,0:  0
Max Rain: 18,8 on day 1
Days of Rain: 14 (>= 0,2 mm)  8 (>= 2,0 mm)  0 (>= 20,0 mm)
Heat Base: 18,0  Cool Base: 18,0  Method: Integration