Laukaa, Finland
Kieli:  Suomi
-2°C CurCond
Päivitetty13/12/2018 06:15 
 

NOAA-Style Climate Reports


Raportti 2013 Toukokuu
                   Monthly Climatological Summary for touko 2013

Name: Sasema Vihtavuori   City: Vihtavuori, Laukaa   State: Finland
Elevation: 104 m  Lat: N 62° 22' 04"   Lon: E 025° 54' 14"

                  Temperature (°C), Rain (mm), Wind Speed (km/h)

                                      Heat  Cool        Avg
    Mean                              Deg   Deg         Wind                 Dom
Day Temp  High   Time   Low    Time   Days  Days  Rain  Speed High   Time    Dir
----------------------------------------------------------------------------------
 1   5,3   9,2   15:16   0,1   23:59  13,0   0,0   0,0   7,6  40,0   13:01    SW
 2   4,1  10,3   12:38  -2,2   01:55  14,2   0,0   0,0   8,5  48,0   12:49   SSW
 3   5,2  10,5   16:17  -0,1   06:01  13,1   0,0   0,0   9,0  47,0   13:55    SW
 4   6,5  10,7   17:23   2,7   08:09  11,8   0,0   0,2   6,6  37,0   14:45   SSW
 5   4,2   6,4   15:27   1,3   23:57  14,1   0,0   8,2   3,0  26,0   15:03   WSW
 6   7,3  15,8   17:14  -1,5   06:01  11,0   0,0   0,2   3,1  23,0   14:11   SSE
 7  10,7  17,1   16:25   3,5   02:32   7,6   0,0   0,0   7,3  39,0   14:53   SSW
 8  10,5  17,3   16:56   3,9   05:28   7,8   0,0   0,0   2,7  27,0   13:05   WNW
 9   6,9  10,6   18:20   1,1   04:32  11,4   0,0   3,2   1,7  17,7   15:58     E
10  10,1  15,3   16:04   6,7   05:06   8,2   0,0   0,2   0,9  14,5   15:07     S
11  12,0  20,2   17:02   5,0   03:38   6,3   0,0   0,2   2,2  24,1   19:57   SSE
12  10,4  17,2   15:25   2,3   05:12   7,9   0,0   0,0   1,6  14,5   10:16     S
13  11,7  19,3   17:37   2,6   04:42   6,6   0,0   0,0   1,7  24,1   13:49    SE
14  13,9  20,4   17:20   9,1   23:17   4,5   0,2   0,4   3,5  25,7   17:40   SSE
15  11,5  17,7   18:10   5,9   23:58   6,8   0,0   0,0   3,7  29,0   16:02   SSW
16  12,4  21,4   16:05   1,4   04:31   6,3   0,4   0,0   2,4  20,9   16:44    NE
17  15,8  23,9   16:32   5,9   02:52   3,9   1,5   0,0   3,9  29,0   14:35     E
18  14,8  20,7   16:23  10,6   04:01   3,6   0,1   0,0   2,4  22,5   16:12    NE
19  16,6  22,6   14:23  10,9   04:46   2,6   0,9   0,0   1,8  19,3   14:11    NE
20  15,3  22,2   16:17  10,0   03:46   3,6   0,6   0,0   3,8  27,4   15:12   ENE
21  14,3  20,5   15:32   8,7   23:59   4,3   0,2   0,0   4,1  27,4   13:05   ENE
22  13,3  20,1   16:17   6,1   02:53   5,1   0,1   0,0   5,8  33,8   16:30    NE
23  13,0  18,8   15:44   7,6   04:41   5,3   0,0   0,0   5,2  33,8   11:12    NE
24  11,1  14,4   18:07   8,6   22:45   7,2   0,0   0,0   1,7  16,1   07:07    NE
25  13,1  18,7   12:52   4,1   04:10   5,2   0,1   0,0   2,4  17,7   10:56     N
26  15,7  24,0   17:04   5,3   04:57   4,0   1,4   0,0   3,6  33,8   12:06   NNE
27  18,2  21,2   17:50  10,6   23:58   0,5   0,4   0,0   1,9  24,1   12:59    SE
28  16,4  22,6   13:43   7,8   02:18   3,3   1,5   0,0  ----  27,4   15:31   ESE
29  16,7  25,0   16:30   6,3   03:50   3,6   2,0   0,0   3,9  24,1   11:40     E
30  17,6  25,0   12:59   8,8   03:47   2,5   1,9   0,0   1,7  22,5   12:32   ESE
31  17,1  23,5   16:00  11,1   04:52   2,2   1,1   0,4   2,1  22,5   16:16    SE
----------------------------------------------------------------------------------
    12,0  25,0    29    -2,2     2   207,5  12,4  13,0   3,7  48,0     2     SSE

Max >=  27,0:  0
Max <=  32,0: 31
Min <= -18,0:  0
Min <= -27,0:  0
Max Rain: 8,2 on day 5
Days of Rain: 8 (>= 0,2 mm)  2 (>= 2,0 mm)  0 (>= 20,0 mm)
Heat Base: 18,0  Cool Base: 18,0  Method: Integration