Laukaa, Finland
Kieli:  Suomi
-1°C CurCond
Päivitetty21/11/2018 20:40 
 

NOAA-Style Climate Reports

Select a Year or Month report
2018: Tam Hel Maa Huh Tou Kes Hei Elo Syy Lok Mar Jou
2017: Tam Hel Maa Huh Tou Kes Hei Elo Syy Lok Mar Jou
2016: Tam Hel Maa Huh Tou Kes Hei Elo Syy Lok Mar Jou
2015: Tam Hel Maa Huh Tou Kes Hei Elo Syy Lok Mar Jou
2014: Tam Hel Maa Huh Tou Kes Hei Elo Syy Lok Mar Jou
2013: Tam Hel Maa Huh Tou Kes Hei Elo Syy Lok Mar Jou
2012: Tam Hel Maa Huh Tou Kes Hei Elo Syy Lok Mar Jou

Raportti 2013 Huhtikuu
                   Monthly Climatological Summary for huhti 2013

Name: Sasema Vihtavuori   City: Vihtavuori, Laukaa   State: Finland
Elevation: 104 m  Lat: N 62° 22' 04"   Lon: E 025° 54' 14"

                  Temperature (°C), Rain (mm), Wind Speed (km/h)

                                      Heat  Cool        Avg
    Mean                              Deg   Deg         Wind                 Dom
Day Temp  High   Time   Low    Time   Days  Days  Rain  Speed High   Time    Dir
----------------------------------------------------------------------------------
 1  -3,6   5,6   14:53 -13,3   06:52  21,9   0,0   0,0   0,4  29,0   13:47    NE
 2  -2,6   7,1   14:33 -12,5   07:27  20,9   0,0   0,0   2,0  36,0   17:35    NW
 3  -0,8   6,3   16:23  -8,0   07:00  19,1   0,0   0,0   2,9  24,0   11:36     W
 4   1,4   8,8   14:53  -7,2   03:05  16,9   0,0   0,0   2,1  22,0   09:58   WSW
 5   2,2   7,8   14:00  -2,2   23:58  16,1   0,0   0,0   1,4  27,0   16:59   NNE
 6  -1,3   5,9   16:32  -6,9   23:44  19,6   0,0   0,0   1,8  27,0   10:54   NNE
 7  -2,7   3,9   14:29 -10,2   05:59  21,0   0,0   0,0   2,2  34,0   12:49   SSW
 8  -0,7   4,4   17:16  -4,2   23:54  19,0   0,0   0,0   0,6  17,0   13:07     E
 9  -2,5   4,2   15:53  -9,7   07:09  20,8   0,0   0,0   1,2  22,0   17:03   WSW
10  -3,9   5,1   16:57 -12,4   06:00  22,2   0,0   0,0   0,6  17,0   12:53     S
11  -1,9   5,9   16:36  -9,0   05:36  25,9   0,0   0,0   1,3  36,0   15:53   ESE
12   0,7   2,8   17:04  -1,1   05:22  17,5   0,0   0,0   0,2  16,0   11:21    SE
13   0,7   1,6   17:58  -0,8   01:47  17,6   0,0   1,4   1,1  26,0   22:26   SSW
14   1,3   4,3   18:28  -0,4   06:17  16,9   0,0   0,0   2,5  22,0   00:37   WSW
15   2,1   6,1   15:47  -0,2   00:13  16,0   0,0   1,6   8,9  42,0   10:02    SW
16   4,5   9,9   15:57   1,2   05:20  13,7   0,0   0,2   7,7  46,0   00:01    SW
17   3,0   5,1   17:16   1,6   21:45  15,2   0,0   2,2   5,6  38,0   14:51    SW
18   3,4   6,5   11:50  -0,8   06:15  14,9   0,0   7,6   6,7  42,0   22:17   WSW
19   4,7   8,4   17:44   2,5   23:37  13,5   0,0   0,4  11,1  58,0   17:28   WSW
20   3,3   7,7   14:54   0,3   06:28  14,8   0,0   0,0   6,8  64,0   13:43    NW
21   4,6  12,1   16:47  -1,9   05:50  13,7   0,0   0,0   3,1  36,0   12:41     W
22   4,6  10,4   13:09  -3,2   06:04  13,7   0,0   0,0   5,0  42,0   13:56    SW
23   4,6  10,4   15:03   2,2   03:32  13,7   0,0   2,2   6,0  48,0   14:59    SW
24   5,1  10,3   16:49   2,5   01:39  13,2   0,0   0,0   6,5  58,0   18:51     W
25   4,8  11,4   14:31  -1,9   05:20  13,5   0,0   0,2   5,0  52,0   17:13   WNW
26   3,1   6,5   17:16  -1,2   05:11  15,2   0,0   1,2   2,8  36,0   18:13   SSW
27   2,7   7,3   12:49  -0,2   23:58  15,6   0,0   2,0   4,7  52,0   14:54     S
28   2,4   8,5   16:45  -2,1   23:50  15,9   0,0   0,0   4,5  46,0   10:27   SSW
29   4,9  11,2   16:11  -2,6   01:55  13,4   0,0   0,0   6,8  45,0   13:37   SSE
30   4,4   7,2   18:00   2,7   03:07  13,9   0,0   4,6   7,4  39,0   12:51     S
----------------------------------------------------------------------------------
     1,6  12,1    21   -13,3     1   505,3   0,0  23,6   4,0  64,0    20     WSW

Max >=  27,0:  0
Max <=  32,0: 30
Min <= -18,0:  0
Min <= -27,0:  0
Max Rain: 7,6 on day 18
Days of Rain: 11 (>= 0,2 mm)  5 (>= 2,0 mm)  0 (>= 20,0 mm)
Heat Base: 18,0  Cool Base: 18,0  Method: Integration