Laukaa, Finland
Kieli:  Suomi
-2°C CurCond
Päivitetty13/12/2018 05:40 
 

NOAA-Style Climate Reports


Raportti 2013 Maaliskuu
                   Monthly Climatological Summary for maalis 2013

Name: Sasema Vihtavuori   City: Vihtavuori, Laukaa   State: Finland
Elevation: 104 m  Lat: N 62° 22' 04"   Lon: E 025° 54' 14"

                  Temperature (°C), Rain (mm), Wind Speed (km/h)

                                      Heat  Cool        Avg
    Mean                              Deg   Deg         Wind                 Dom
Day Temp  High   Time   Low    Time   Days  Days  Rain  Speed High   Time    Dir
----------------------------------------------------------------------------------
 1  -4,9   1,3   03:22 -13,4   23:57  23,2   0,0   0,0   1,0  10,0   16:37    NE
 2 -11,4  -6,7   13:28 -19,2   07:15  29,7   0,0   0,0   0,8   8,0   20:33   SSE
 3  -9,8  -4,6   14:15 -17,3   23:59  28,1   0,0   0,0   0,8   7,0   00:06     E
 4 -13,4  -6,0   13:26 -22,8   06:52  31,7   0,0   0,0   0,5   5,0   12:42     S
 5  -5,4  -6,0   21:35  -9,9   03:01  23,7   0,0   0,0   0,9   6,0   15:08     S
 6  -5,4  -5,0   01:00  -9,6   23:45  10,2   0,0   0,0   0,4   7,0   19:15   WNW
 7  -8,6  -4,3   16:20 -13,9   23:50  26,9   0,0   0,0   0,7  16,0   12:20    NW
 8  -9,2  -2,6   13:50 -17,9   04:10  27,5   0,0   0,0   1,1  13,0   14:40   WNW
 9 -12,0  -5,6   14:00 -17,6   22:25  30,3   0,0   0,0   0,2   9,0   00:00   NNE
10 -12,2  -3,6   16:05 -24,2   06:40  30,5   0,0   0,0   1,0  11,0   14:50     W
11  -7,0  -1,9   16:05 -11,7   22:40  25,3   0,0   0,0   0,2   6,0   01:35    NW
12  -8,7  -5,8   15:05 -13,4   02:15  27,0   0,0   0,0   0,4  25,0   20:10    SE
13  -8,4  -5,6   11:20 -16,2   23:55  26,7   0,0   0,0   1,7  25,0   16:05   WSW
14 -11,3  -6,3   16:10 -24,4   05:00  29,6   0,0   0,0   0,8  23,0   16:15   WSW
15 -11,2   0,7   16:10 -21,1   07:00  29,5   0,0   0,0   0,9  25,0   14:34   WSW
16 -12,7  -1,1   15:16 -23,4   06:26  31,0   0,0   0,0   0,1  14,0   13:46    SW
17 -12,9  -3,6   15:28 -20,4   07:31  31,2   0,0   0,0   0,2  17,0   15:43     E
18 -12,5  -3,4   16:11 -22,9   06:32  30,8   0,0   0,0   1,2  31,0   13:41   ESE
19  -8,1  -4,9   16:13 -11,6   06:22  26,4   0,0   0,0   2,3  37,0   19:32     E
20  -5,7  -0,6   12:32  -9,3   23:55  24,0   0,0   0,0   2,9  54,0   13:15    NE
21  -8,9  -2,8   15:24 -12,8   23:50  27,2   0,0   0,0   1,7  36,0   16:35    NE
22  -9,5  -2,8   14:09 -18,4   06:05  27,8   0,0   0,0   2,2  40,0   14:39    NW
23  -3,6   1,4   14:27  -7,7   05:12  21,9   0,0   0,0   1,3  33,0   13:05   NNE
24  -2,6   4,2   14:53  -9,3   23:59  20,9   0,0   0,0   1,4  36,0   13:37   NNE
25  -4,7   5,1   12:32 -15,0   06:10  23,0   0,0   0,0   1,3  36,0   12:55    NW
26  -4,1   2,8   14:52 -12,3   23:56  22,4   0,0   0,0   1,3  40,0   12:47   NNE
27  -4,9   4,9   15:15 -17,5   05:59  23,2   0,0   0,0   3,1  47,0   15:19   WSW
28  -2,1   5,3   14:23 -10,3   05:36  20,4   0,0   0,0   2,8  80,0   14:35     W
29  -5,5   3,6   16:10 -15,1   06:41  23,8   0,0   0,0   0,7  18,0   12:46   SSE
30  -4,6   4,2   15:45 -13,9   05:29  22,9   0,0   0,0   0,5  18,0   13:26    SE
31  -3,2   6,4   16:08 -11,7   06:59  21,5   0,0   0,0   0,9  33,0   16:34   WSW
----------------------------------------------------------------------------------
    -7,5  19,8     5   -24,4    14   798,3   0,0   0,0   1,3  80,0    28      NW

Max >=  27,0:  0
Max <=  32,0: 31
Min <= -18,0:  9
Min <= -27,0:  0
Max Rain: 0,0 on day 0
Days of Rain: 0 (>= 0,2 mm)  0 (>= 2,0 mm)  0 (>= 20,0 mm)
Heat Base: 18,0  Cool Base: 18,0  Method: Integration