Laukaa, Finland
Kieli:  Suomi
10°C CurCond
Päivitetty21/09/2018 03:00 
 

NOAA-Style Climate Reports

Select a Year or Month report
2018: Tam Hel Maa Huh Tou Kes Hei Elo Syy Lok Mar Jou
2017: Tam Hel Maa Huh Tou Kes Hei Elo Syy Lok Mar Jou
2016: Tam Hel Maa Huh Tou Kes Hei Elo Syy Lok Mar Jou
2015: Tam Hel Maa Huh Tou Kes Hei Elo Syy Lok Mar Jou
2014: Tam Hel Maa Huh Tou Kes Hei Elo Syy Lok Mar Jou
2013: Tam Hel Maa Huh Tou Kes Hei Elo Syy Lok Mar Jou
2012: Tam Hel Maa Huh Tou Kes Hei Elo Syy Lok Mar Jou

Raportti 2012 Joulukuu
                   Monthly Climatological Summary for joulu 2012

Name: Sasema Vihtavuori   City: Vihtavuori, Laukaa   State: Finland
Elevation: 104 m  Lat: N 62° 22' 04"   Lon: E 025° 54' 14"

                  Temperature (°C), Rain (mm), Wind Speed (km/h)

                                      Heat  Cool        Avg
    Mean                              Deg   Deg         Wind                 Dom
Day Temp  High   Time   Low    Time   Days  Days  Rain  Speed High   Time    Dir
----------------------------------------------------------------------------------
18 -20,2 -17,2   23:59 -22,7   21:49   9,1   0,0   0,0   0     1,0   23:39    SE
19 -18,0 -15,8   10:30 -20,9   15:35  36,2   0,0   0,0   1     2,0   09:58   SSE
20 -19,6 -17,6   17:17 -21,9   21:30  37,9   0,0   0,0   1     1,0   02:20    SE
21 -16,3 -12,7   12:36 -21,7   02:50  34,9   0,0   0,0   0     2,0   12:56    SE
22 -18,2 -15,2   10:14 -22,7   23:31  36,6   0,0   0,0   1     2,0   10:02    SE
23 -24,7 -21,3   07:11 -26,7   17:10  43,9   0,0   0,0   0     0,0   00:01     E
24 -17,1 -12,6   12:51 -25,0   01:12  36,3   0,0   0,0   1     2,0   11:34    SE
25 -14,2 -13,5   13:53 -16,0   08:21  33,0   0,0   0,0   0     1,0   17:18    SE
26 -16,2 -10,6   23:53 -22,3   10:33  35,1   0,0   0,0   0     1,0   20:12   ENE
27  -6,2  -1,8   23:53 -10,7   00:03  24,6   0,0   0,0   1     2,0   08:59    SE
28  -7,5  -1,1   00:33 -13,2   08:15  26,1   0,0   0,0   1     6,0   20:30   WNW
29 -15,0  -7,7   00:54 -19,6   15:32  33,4   0,0   0,0   2     3,0   00:04   WNW
30  -2,8  -0,8   18:42 -11,7   00:03  21,5   0,0   0,0   1     4,0   09:29   SSW
31   0,4   1,1   13:35  -1,2   00:04  17,9   0,0   0,0   0     2,0   16:36    SW
----------------------------------------------------------------------------------
   -14,0   1,1    31   -26,7    23   426,5   0,0   0,0  0,8   6,0    28     SE

Max >=  27,0:  0
Max <=  32,0: 14
Min <= -18,0:  9
Min <= -27,0:  0
Max Rain: 0,0 on day 0
Days of Rain: 0 (>= 0,2 mm)  0 (>= 2,0 mm)  0 (>= 20,0 mm)
Heat Base: 18,0  Cool Base: 18,0  Method: Integration